{"id":553,"date":"2025-02-10T13:22:50","date_gmt":"2025-02-10T16:22:50","guid":{"rendered":"http:\/\/www.aulanaweb.com\/etefv\/?page_id=553"},"modified":"2025-02-10T13:22:55","modified_gmt":"2025-02-10T16:22:55","slug":"horarios-2018","status":"publish","type":"page","link":"https:\/\/aulanaweb.com\/etefv\/?page_id=553","title":{"rendered":"Hor\u00e1rio Escolar 2025"},"content":{"rendered":"\n<p><\/p>\n\n\n\n<p>Os hor\u00e1rios est\u00e3o dispon\u00edveis ABAIXO:<\/p>\n\n\n\n<p>EMI &#8211; Hor\u00e1rio Diurno &#8211; 2025<\/p>\n\n\n\n<div data-wp-interactive=\"core\/file\" class=\"wp-block-file\"><object data-wp-bind--hidden=\"!state.hasPdfPreview\" hidden class=\"wp-block-file__embed\" data=\"https:\/\/aulanaweb.com\/etefv\/wp-content\/uploads\/2025\/02\/Horario-EMI.pdf\" type=\"application\/pdf\" style=\"width:100%;height:600px\" aria-label=\"Incorporado de Horario EMI.\"><\/object><a id=\"wp-block-file--media-bcbd2a8d-d68c-4f21-be5e-ee3e82fb011b\" href=\"https:\/\/aulanaweb.com\/etefv\/wp-content\/uploads\/2025\/02\/Horario-EMI.pdf\">Horario EMI<\/a><a href=\"https:\/\/aulanaweb.com\/etefv\/wp-content\/uploads\/2025\/02\/Horario-EMI.pdf\" class=\"wp-block-file__button wp-element-button\" download aria-describedby=\"wp-block-file--media-bcbd2a8d-d68c-4f21-be5e-ee3e82fb011b\">Baixar<\/a><\/div>\n\n\n\n<div class=\"wp-block-columns is-layout-flex wp-container-core-columns-is-layout-9d6595d7 wp-block-columns-is-layout-flex\">\n<div class=\"wp-block-column is-layout-flow wp-block-column-is-layout-flow\" style=\"flex-basis:100%\">\n<div class=\"wp-block-group\"><div class=\"wp-block-group__inner-container is-layout-constrained wp-block-group-is-layout-constrained\"><\/div><\/div>\n<\/div>\n<\/div>\n\n\n\n<p>Subsequente &#8211; Hor\u00e1rio Noturno &#8211; 2025<\/p>\n\n\n\n<div data-wp-interactive=\"core\/file\" class=\"wp-block-file\"><object data-wp-bind--hidden=\"!state.hasPdfPreview\" hidden class=\"wp-block-file__embed\" data=\"https:\/\/aulanaweb.com\/etefv\/wp-content\/uploads\/2025\/02\/Horario-SUB.pdf\" type=\"application\/pdf\" style=\"width:100%;height:600px\" aria-label=\"Incorporado de Horario SUB.\"><\/object><a id=\"wp-block-file--media-2e938d80-4a93-40dc-8518-d4e59930d766\" href=\"https:\/\/aulanaweb.com\/etefv\/wp-content\/uploads\/2025\/02\/Horario-SUB.pdf\">Horario SUB<\/a><a href=\"https:\/\/aulanaweb.com\/etefv\/wp-content\/uploads\/2025\/02\/Horario-SUB.pdf\" class=\"wp-block-file__button wp-element-button\" download aria-describedby=\"wp-block-file--media-2e938d80-4a93-40dc-8518-d4e59930d766\">Baixar<\/a><\/div>\n\n\n\n<p><\/p>\n","protected":false},"excerpt":{"rendered":"<p>Os hor\u00e1rios est\u00e3o dispon\u00edveis ABAIXO: EMI &#8211; Hor\u00e1rio Diurno &#8211; 2025 Subsequente &#8211; Hor\u00e1rio Noturno &#8211; 2025<\/p>\n","protected":false},"author":1,"featured_media":2318,"parent":0,"menu_order":0,"comment_status":"closed","ping_status":"closed","template":"","meta":{"jetpack_post_was_ever_published":true,"footnotes":""},"class_list":["post-553","page","type-page","status-publish","has-post-thumbnail","hentry"],"jetpack_sharing_enabled":true,"jetpack_shortlink":"https:\/\/wp.me\/P9cg66-8V","jetpack_likes_enabled":true,"jetpack-related-posts":[{"id":1206,"url":"https:\/\/aulanaweb.com\/etefv\/?page_id=1206","url_meta":{"origin":553,"position":0},"title":"Volta \u00e0s aulas 2020","author":"Equipe Diretiva ETEFV","date":"04\/02\/2020","format":false,"excerpt":"Todos os alunos do primeiro ano (diurno) dever\u00e3o chegar \u00e0 escola \u00e0s 8h30min no dia 10\/2\/2020, dirigindo-se ao audit\u00f3rio para reuni\u00e3o de apresenta\u00e7\u00e3o. Os alunos do segundo e do terceiro ano (diurno) dever\u00e3o chegar em seus hor\u00e1rios normais de aula, conforme hor\u00e1rio que estar\u00e1 dispon\u00edvel no site na sexta-feira, dia\u2026","rel":"","context":"Post similar","block_context":{"text":"Post similar","link":""},"img":{"alt_text":"","src":"https:\/\/i0.wp.com\/aulanaweb.com\/etefv\/wp-content\/uploads\/2020\/02\/volta-%C3%A0s-aulas-2020.png?fit=780%2C400&ssl=1&resize=350%2C200","width":350,"height":200,"srcset":"https:\/\/i0.wp.com\/aulanaweb.com\/etefv\/wp-content\/uploads\/2020\/02\/volta-%C3%A0s-aulas-2020.png?fit=780%2C400&ssl=1&resize=350%2C200 1x, https:\/\/i0.wp.com\/aulanaweb.com\/etefv\/wp-content\/uploads\/2020\/02\/volta-%C3%A0s-aulas-2020.png?fit=780%2C400&ssl=1&resize=525%2C300 1.5x, https:\/\/i0.wp.com\/aulanaweb.com\/etefv\/wp-content\/uploads\/2020\/02\/volta-%C3%A0s-aulas-2020.png?fit=780%2C400&ssl=1&resize=700%2C400 2x"},"classes":[]},{"id":180,"url":"https:\/\/aulanaweb.com\/etefv\/?page_id=180","url_meta":{"origin":553,"position":1},"title":"Fale conosco","author":"Equipe Diretiva ETEFV","date":"20\/09\/2017","format":false,"excerpt":"ATEN\u00c7\u00c3O:\u00a0 OS TELEFONES DA ESCOLA N\u00c3O EST\u00c3O FUNCIONANDO, UTILIZE OS E-MAILS ABAIXO. E-mail da Equipe Diretiva:Dire\u00e7\u00e3o geraldirecao@etefv.faetec.rj.gov.brCoordena\u00e7\u00e3o Adjunta Administrativadirecao.administrativa@etefv.faetec.rj.gov.brCoordena\u00e7\u00e3o Adjunta Pedag\u00f3gicadirecao.pedagogica@etefv.faetec.rj.gov.brCoordena\u00e7\u00e3o Adjunta\u00a0T\u00e9cnicadirecao.tecnica@etefv.faetec.rj.gov.br E-mail da Secretaria Escolar:secretaria@etefv.faetec.rj.gov.br E-mail do N\u00facleo de Pessoal:pessoal@etefv.faetec.rj.gov.br E-mail do Setor de Est\u00e1gio:est\u00e1gio@etefv.faetec.rj.gov.br E-mail dos Coordenadores T\u00e9cnicos ( EMI e Subsequente):\u00a0Coordenador T\u00e9cnico Edifica\u00e7\u00f5es\u00a0coordenacao.edificacoes.emi@etefv.faetec.rj.gov.br\u00a0Coordenador T\u00e9cnico Eletr\u00f4nica\u00a0coordenacao.eletronica.emi@etefv.faetec.rj.gov.br\u00a0Coordenador T\u00e9cnico\u00a0Eletrot\u00e9cnica\u00a0coordenacao.eletrotecnica.emi@etefv.faetec.rj.gov.br\u00a0Coordenador T\u00e9cnico\u2026","rel":"","context":"Post similar","block_context":{"text":"Post similar","link":""},"img":{"alt_text":"","src":"","width":0,"height":0},"classes":[]},{"id":590,"url":"https:\/\/aulanaweb.com\/etefv\/?page_id=590","url_meta":{"origin":553,"position":2},"title":"Calend\u00e1rios Escolares","author":"Equipe Diretiva ETEFV","date":"23\/04\/2018","format":false,"excerpt":"Est\u00e3o dispon\u00edveis os calend\u00e1rios para o ano letivo de 2025: Calend\u00e1rio - Educa\u00e7\u00e3o Profissional T\u00e9cnica de n\u00edvel M\u00e9dio Integrado CALENDARIO_EMI_ETEFV_2025Baixar Calend\u00e1rio - Educa\u00e7\u00e3o Profissional T\u00e9cnica de n\u00edvel M\u00e9dio Concomitante Externo \/ Subsequente CALENDARIO_SUBSEQUENTE_ETEFV_2025Baixar","rel":"","context":"Post similar","block_context":{"text":"Post similar","link":""},"img":{"alt_text":"","src":"","width":0,"height":0},"classes":[]},{"id":940,"url":"https:\/\/aulanaweb.com\/etefv\/?page_id=940","url_meta":{"origin":553,"position":3},"title":"Livros did\u00e1ticos","author":"Equipe Diretiva ETEFV","date":"08\/03\/2019","format":false,"excerpt":"MANH\u00c3 1\u00b0 GRUPO: DIAS: 13\/3 E 20\/3 (4\u00aa F) \u2013 Prof\u00aa. M\u00f4nica TURMAS HOR\u00c1RIO PROFESSOR 1101 8:15 Leila (Bio) 1111 9:00 Luciano (Geo) 1142 10:15 V\u00e2nia P. (LP) 1141 10:40 Alessandro\/Marcelo (LEle) 1121 11:30 Gracia M. (Fil.) 2\u00b0 GRUPO: DIAS: 14\/3 E 21\/3 (5\u00aa F) \u2013 Prof\u00aa. M\u00f4nica TURMAS HOR\u00c1RIO\u2026","rel":"","context":"Post similar","block_context":{"text":"Post similar","link":""},"img":{"alt_text":"","src":"https:\/\/i0.wp.com\/aulanaweb.com\/etefv\/wp-content\/uploads\/2019\/03\/Distribui%C3%A7%C3%A3o-dos-Livros-Did%C3%A1ticos-2019.png?fit=780%2C400&ssl=1&resize=350%2C200","width":350,"height":200,"srcset":"https:\/\/i0.wp.com\/aulanaweb.com\/etefv\/wp-content\/uploads\/2019\/03\/Distribui%C3%A7%C3%A3o-dos-Livros-Did%C3%A1ticos-2019.png?fit=780%2C400&ssl=1&resize=350%2C200 1x, https:\/\/i0.wp.com\/aulanaweb.com\/etefv\/wp-content\/uploads\/2019\/03\/Distribui%C3%A7%C3%A3o-dos-Livros-Did%C3%A1ticos-2019.png?fit=780%2C400&ssl=1&resize=525%2C300 1.5x, https:\/\/i0.wp.com\/aulanaweb.com\/etefv\/wp-content\/uploads\/2019\/03\/Distribui%C3%A7%C3%A3o-dos-Livros-Did%C3%A1ticos-2019.png?fit=780%2C400&ssl=1&resize=700%2C400 2x"},"classes":[]},{"id":124,"url":"https:\/\/aulanaweb.com\/etefv\/?page_id=124","url_meta":{"origin":553,"position":4},"title":"Supervis\u00e3o Escolar e Orienta\u00e7\u00e3o Educacional","author":"Marta Maria Maciel da Silva","date":"06\/04\/2024","format":false,"excerpt":"Componentes da equipe: Diurno(EMI): EM ATUALIZA\u00c7\u00c3O Noturno (SUBSEQUENTE):Supervis\u00e3o e Orienta\u00e7\u00e3o \u2013 Carolina Em\u00edlia Contatos por e-mail (supervis\u00e3o e orienta\u00e7\u00e3o): EMI: supervisao.edificacoes@etefv.faetec.rj.gov.br supervisao.eletronica@etefv.faetec.rj.gov.br supervisao.mecanica@etefv.faetec.rj.gov.br supervisao.telecomunicacoes@etefv.faetec.rj.gov.br supervisao.eletrotecnica@etefv.faetec.rj.gov.br orientacao.edificacoes@etefv.faetec.rj.gov.br orientacao.eletronica@etefv.faetec.rj.gov.br orientacao.mecanica@etefv.faetec.rj.gov.br orientacao.telecomunicacoes@etefv.faetec.rj.gov.br orientacao.eletrotecnica@etefv.faetec.rj.gov.br Subsequente: supervisao.subsequente@etefv.faetec.rj.gov.br orientacao.subsequente@etefv.faetec.rj.gov.br Principais atribui\u00e7\u00f5es da equipe de Supervis\u00e3o Escolar: Desenvolver pesquisa de campo, promovendo visitas, consultas e debates no\u2026","rel":"","context":"Post similar","block_context":{"text":"Post similar","link":""},"img":{"alt_text":"","src":"","width":0,"height":0},"classes":[]},{"id":154,"url":"https:\/\/aulanaweb.com\/etefv\/?page_id=154","url_meta":{"origin":553,"position":5},"title":"Biblioteca","author":"Equipe Diretiva ETEFV","date":"19\/09\/2017","format":false,"excerpt":"Equipe: Professora Cl\u00e1udia Moreira Professora Maria de Lourdes Rumbelsperger Hor\u00e1rio de funcionamento: Segundas, quartas e sextas das 7h \u00e0s 15h Ter\u00e7a-feira e quinta-feira, de 7h \u00e0s 13h.","rel":"","context":"Post similar","block_context":{"text":"Post similar","link":""},"img":{"alt_text":"","src":"","width":0,"height":0},"classes":[]}],"_links":{"self":[{"href":"https:\/\/aulanaweb.com\/etefv\/index.php?rest_route=\/wp\/v2\/pages\/553","targetHints":{"allow":["GET"]}}],"collection":[{"href":"https:\/\/aulanaweb.com\/etefv\/index.php?rest_route=\/wp\/v2\/pages"}],"about":[{"href":"https:\/\/aulanaweb.com\/etefv\/index.php?rest_route=\/wp\/v2\/types\/page"}],"author":[{"embeddable":true,"href":"https:\/\/aulanaweb.com\/etefv\/index.php?rest_route=\/wp\/v2\/users\/1"}],"replies":[{"embeddable":true,"href":"https:\/\/aulanaweb.com\/etefv\/index.php?rest_route=%2Fwp%2Fv2%2Fcomments&post=553"}],"version-history":[{"count":67,"href":"https:\/\/aulanaweb.com\/etefv\/index.php?rest_route=\/wp\/v2\/pages\/553\/revisions"}],"predecessor-version":[{"id":3650,"href":"https:\/\/aulanaweb.com\/etefv\/index.php?rest_route=\/wp\/v2\/pages\/553\/revisions\/3650"}],"wp:featuredmedia":[{"embeddable":true,"href":"https:\/\/aulanaweb.com\/etefv\/index.php?rest_route=\/wp\/v2\/media\/2318"}],"wp:attachment":[{"href":"https:\/\/aulanaweb.com\/etefv\/index.php?rest_route=%2Fwp%2Fv2%2Fmedia&parent=553"}],"curies":[{"name":"wp","href":"https:\/\/api.w.org\/{rel}","templated":true}]}}