{"id":38,"date":"2017-09-18T14:50:58","date_gmt":"2017-09-18T17:50:58","guid":{"rendered":"http:\/\/aulanaweb.com\/etefv\/?page_id=38"},"modified":"2023-04-17T20:22:36","modified_gmt":"2023-04-17T23:22:36","slug":"ensino-medio","status":"publish","type":"page","link":"https:\/\/aulanaweb.com\/etefv\/?page_id=38","title":{"rendered":"Ensino M\u00e9dio"},"content":{"rendered":"<p style=\"text-align: justify;\">O ensino m\u00e9dio \u00e9 a etapa final de uma educa\u00e7\u00e3o de car\u00e1ter geral, afinada com a contemporaneidade, com a constru\u00e7\u00e3o de compet\u00eancias b\u00e1sicas que situem o educando como sujeito produtor de conhecimento e participante do mundo do trabalho, e com o desenvolvimento da pessoa, como \u201csujeito em situa\u00e7\u00e3o\u201d \u2013 cidad\u00e3o.<\/p>\n<p style=\"text-align: justify;\">Na <em>ETEFV<\/em>, a oportunidade de cursar o ensino m\u00e9dio tamb\u00e9m se vincula \u00e0 educa\u00e7\u00e3o profissional t\u00e9cnica de n\u00edvel m\u00e9dio, sendo ela oferecida aos alunos dos cursos t\u00e9cnicos.<\/p>\n<p><strong>Coordenadores de \u00e1rea:<\/strong><\/p>\n<ul>\n<li>Ci\u00eancias da natureza (Biologia, F\u00edsica e Qu\u00edmica) &#8211; <a href=\"mailto:coordenacao.natureza@etefv.faetec.rj.gov.br\">coordenacao.natureza@etefv.faetec.rj.gov.br<\/a><\/li>\n<li>Linguagens (LP, Literatura, L\u00edngua Estrangeira, Artes e Educa\u00e7\u00e3o F\u00edsica) &#8211; <a href=\"mailto:coordenacao.linguagens@etefv.faetec.rj.gov.br\">coordenacao.linguagens@etefv.faetec.rj.gov.br<\/a><\/li>\n<li>Humanas (Geografia, Hist\u00f3ria, Filosofia e Sociologia) &#8211; <a href=\"mailto:coordenacao.humanas@etefv.faetec.rj.gov.br\">coordenacao.humanas@etefv.faetec.rj.gov.br<\/a><\/li>\n<li>Matem\u00e1tica &#8211; <a href=\"mailto:coordenacao.matematica@etefv.faetec.rj.gov.br\">coordenacao.matematica@etefv.faetec.rj.gov.br<\/a><\/li>\n<\/ul>\n\n","protected":false},"excerpt":{"rendered":"<p>O ensino m\u00e9dio \u00e9 a etapa final de uma educa\u00e7\u00e3o de car\u00e1ter geral, afinada com a contemporaneidade, com a constru\u00e7\u00e3o de compet\u00eancias b\u00e1sicas que situem o educando como sujeito produtor&#8230; <\/p>\n","protected":false},"author":1,"featured_media":188,"parent":0,"menu_order":0,"comment_status":"closed","ping_status":"closed","template":"","meta":{"jetpack_post_was_ever_published":false,"footnotes":""},"class_list":["post-38","page","type-page","status-publish","has-post-thumbnail","hentry"],"jetpack_sharing_enabled":true,"jetpack_shortlink":"https:\/\/wp.me\/P9cg66-C","jetpack_likes_enabled":true,"jetpack-related-posts":[{"id":246,"url":"https:\/\/aulanaweb.com\/etefv\/?page_id=246","url_meta":{"origin":38,"position":0},"title":"Educa\u00e7\u00e3o F\u00edsica","author":"Equipe Diretiva ETEFV","date":"23\/09\/2017","format":false,"excerpt":"Equipe de Professores e instrutores: Deivid Sebasti\u00e3o de Oliveira MeloMarcus Augusto Vidal de Oliveira (instrutor)Lu\u00eds Fl\u00e1vio Fonseca Proven\u00e7anoClaudia Fernandes BandeiraRaul Carlos Raposo da Silva J\u00faniorLuiz Fernando Moreira Pe\u00e7anha (instrutor)Carlos Eduardo Bressa Pe\u00e7anhaHernandes Eduardo Marques (instrutor)","rel":"","context":"Post similar","block_context":{"text":"Post similar","link":""},"img":{"alt_text":"","src":"","width":0,"height":0},"classes":[]},{"id":349,"url":"https:\/\/aulanaweb.com\/etefv\/?page_id=349","url_meta":{"origin":38,"position":1},"title":"Concurso","author":"Equipe Diretiva ETEFV","date":"21\/10\/2017","format":false,"excerpt":"PROCESSO SELETIVO PARA INGRESSO DE ALUNOS NO ANO LETIVO DE 2018 SORTEIO DE VAGAS NOS CURSOS: \u2013 Educa\u00e7\u00e3o Infantil: 109 vagas \u2013 Ensino Fundamental: 196 vagas \u2013 Ensino M\u00e9dio (Geral e Normal): 110 vagas Data do sorteio: 09\/12\/2017 CURSO DE N\u00cdVEL M\u00c9DIO T\u00c9CNICO: \u2013 N\u00edvel M\u00e9dio T\u00e9cnico Integrado: 2.005 vagas\u2026","rel":"","context":"Post similar","block_context":{"text":"Post similar","link":""},"img":{"alt_text":"","src":"https:\/\/i0.wp.com\/aulanaweb.com\/etefv\/wp-content\/uploads\/2017\/10\/Employee-of-the-Month.png?fit=940%2C788&ssl=1&resize=350%2C200","width":350,"height":200,"srcset":"https:\/\/i0.wp.com\/aulanaweb.com\/etefv\/wp-content\/uploads\/2017\/10\/Employee-of-the-Month.png?fit=940%2C788&ssl=1&resize=350%2C200 1x, https:\/\/i0.wp.com\/aulanaweb.com\/etefv\/wp-content\/uploads\/2017\/10\/Employee-of-the-Month.png?fit=940%2C788&ssl=1&resize=525%2C300 1.5x, https:\/\/i0.wp.com\/aulanaweb.com\/etefv\/wp-content\/uploads\/2017\/10\/Employee-of-the-Month.png?fit=940%2C788&ssl=1&resize=700%2C400 2x"},"classes":[]},{"id":180,"url":"https:\/\/aulanaweb.com\/etefv\/?page_id=180","url_meta":{"origin":38,"position":2},"title":"Fale conosco","author":"Equipe Diretiva ETEFV","date":"20\/09\/2017","format":false,"excerpt":"ATEN\u00c7\u00c3O:\u00a0 OS TELEFONES DA ESCOLA N\u00c3O EST\u00c3O FUNCIONANDO, UTILIZE OS E-MAILS ABAIXO. E-mail da Equipe Diretiva:Dire\u00e7\u00e3o geraldirecao@etefv.faetec.rj.gov.brCoordena\u00e7\u00e3o Adjunta Administrativadirecao.administrativa@etefv.faetec.rj.gov.brCoordena\u00e7\u00e3o Adjunta Pedag\u00f3gicadirecao.pedagogica@etefv.faetec.rj.gov.brCoordena\u00e7\u00e3o Adjunta\u00a0T\u00e9cnicadirecao.tecnica@etefv.faetec.rj.gov.br E-mail da Secretaria Escolar:secretaria@etefv.faetec.rj.gov.br E-mail do N\u00facleo de Pessoal:pessoal@etefv.faetec.rj.gov.br E-mail do Setor de Est\u00e1gio:est\u00e1gio@etefv.faetec.rj.gov.br E-mail dos Coordenadores T\u00e9cnicos ( EMI e Subsequente):\u00a0Coordenador T\u00e9cnico Edifica\u00e7\u00f5es\u00a0coordenacao.edificacoes.emi@etefv.faetec.rj.gov.br\u00a0Coordenador T\u00e9cnico Eletr\u00f4nica\u00a0coordenacao.eletronica.emi@etefv.faetec.rj.gov.br\u00a0Coordenador T\u00e9cnico\u00a0Eletrot\u00e9cnica\u00a0coordenacao.eletrotecnica.emi@etefv.faetec.rj.gov.br\u00a0Coordenador T\u00e9cnico\u2026","rel":"","context":"Post similar","block_context":{"text":"Post similar","link":""},"img":{"alt_text":"","src":"","width":0,"height":0},"classes":[]},{"id":85,"url":"https:\/\/aulanaweb.com\/etefv\/?page_id=85","url_meta":{"origin":38,"position":3},"title":"Telecomunica\u00e7\u00f5es","author":"Equipe Diretiva ETEFV","date":"19\/09\/2017","format":false,"excerpt":"Docentes Coordenadores (EMI e Subsequente): Professores Ajax Rego, Ericson Ribeiret e Jorge Fernando da Silva - coordenacao.telecomunicacoes.emi@etefv.faetec.rj.gov.br Orientador de Est\u00e1gio: Prof. Sergio Luiz Fernandes O Curso T\u00e9cnico de N\u00edvel M\u00e9dio em Telecomunica\u00e7\u00f5es, do eixo tecnol\u00f3gico de Informa\u00e7\u00e3o e Comunica\u00e7\u00e3o, visa preparar profissionais cidad\u00e3os com conhecimentos t\u00e9cnicos e \u00e9ticos, possuidores de\u2026","rel":"","context":"Post similar","block_context":{"text":"Post similar","link":""},"img":{"alt_text":"","src":"","width":0,"height":0},"classes":[]},{"id":124,"url":"https:\/\/aulanaweb.com\/etefv\/?page_id=124","url_meta":{"origin":38,"position":4},"title":"Supervis\u00e3o Escolar e Orienta\u00e7\u00e3o Educacional","author":"Marta Maria Maciel da Silva","date":"06\/04\/2024","format":false,"excerpt":"Componentes da equipe: Diurno(EMI): EM ATUALIZA\u00c7\u00c3O Noturno (SUBSEQUENTE):Supervis\u00e3o e Orienta\u00e7\u00e3o \u2013 Carolina Em\u00edlia Contatos por e-mail (supervis\u00e3o e orienta\u00e7\u00e3o): EMI: supervisao.edificacoes@etefv.faetec.rj.gov.br supervisao.eletronica@etefv.faetec.rj.gov.br supervisao.mecanica@etefv.faetec.rj.gov.br supervisao.telecomunicacoes@etefv.faetec.rj.gov.br supervisao.eletrotecnica@etefv.faetec.rj.gov.br orientacao.edificacoes@etefv.faetec.rj.gov.br orientacao.eletronica@etefv.faetec.rj.gov.br orientacao.mecanica@etefv.faetec.rj.gov.br orientacao.telecomunicacoes@etefv.faetec.rj.gov.br orientacao.eletrotecnica@etefv.faetec.rj.gov.br Subsequente: supervisao.subsequente@etefv.faetec.rj.gov.br orientacao.subsequente@etefv.faetec.rj.gov.br Principais atribui\u00e7\u00f5es da equipe de Supervis\u00e3o Escolar: Desenvolver pesquisa de campo, promovendo visitas, consultas e debates no\u2026","rel":"","context":"Post similar","block_context":{"text":"Post similar","link":""},"img":{"alt_text":"","src":"","width":0,"height":0},"classes":[]},{"id":906,"url":"https:\/\/aulanaweb.com\/etefv\/?page_id=906","url_meta":{"origin":38,"position":5},"title":"Projeto Pol\u00edtico Pedag\u00f3gico","author":"Equipe Diretiva ETEFV","date":"18\/02\/2019","format":false,"excerpt":"Quais conceitos d\u00e3o forma ao Projeto Pol\u00edtico Pedag\u00f3gico? \u00bb\u00a0Projeto:\u00a0\u00e9 uma reuni\u00e3o de propostas que t\u00eam como objetivo a realiza\u00e7\u00e3o de uma a\u00e7\u00e3o. Assim, essa palavra traz a ideia de futuro, que tem como ponto de partida o presente; \u00bb\u00a0Pol\u00edtico:\u00a0esse termo se refere \u00e0 fun\u00e7\u00e3o social das institui\u00e7\u00f5es de ensino. Seu\u2026","rel":"","context":"Post similar","block_context":{"text":"Post similar","link":""},"img":{"alt_text":"","src":"","width":0,"height":0},"classes":[]}],"_links":{"self":[{"href":"https:\/\/aulanaweb.com\/etefv\/index.php?rest_route=\/wp\/v2\/pages\/38","targetHints":{"allow":["GET"]}}],"collection":[{"href":"https:\/\/aulanaweb.com\/etefv\/index.php?rest_route=\/wp\/v2\/pages"}],"about":[{"href":"https:\/\/aulanaweb.com\/etefv\/index.php?rest_route=\/wp\/v2\/types\/page"}],"author":[{"embeddable":true,"href":"https:\/\/aulanaweb.com\/etefv\/index.php?rest_route=\/wp\/v2\/users\/1"}],"replies":[{"embeddable":true,"href":"https:\/\/aulanaweb.com\/etefv\/index.php?rest_route=%2Fwp%2Fv2%2Fcomments&post=38"}],"version-history":[{"count":1,"href":"https:\/\/aulanaweb.com\/etefv\/index.php?rest_route=\/wp\/v2\/pages\/38\/revisions"}],"predecessor-version":[{"id":2512,"href":"https:\/\/aulanaweb.com\/etefv\/index.php?rest_route=\/wp\/v2\/pages\/38\/revisions\/2512"}],"wp:featuredmedia":[{"embeddable":true,"href":"https:\/\/aulanaweb.com\/etefv\/index.php?rest_route=\/wp\/v2\/media\/188"}],"wp:attachment":[{"href":"https:\/\/aulanaweb.com\/etefv\/index.php?rest_route=%2Fwp%2Fv2%2Fmedia&parent=38"}],"curies":[{"name":"wp","href":"https:\/\/api.w.org\/{rel}","templated":true}]}}