{"id":2795,"date":"2023-05-07T22:36:14","date_gmt":"2023-05-08T01:36:14","guid":{"rendered":"https:\/\/aulanaweb.com\/etefv\/?page_id=2795"},"modified":"2025-02-12T08:51:50","modified_gmt":"2025-02-12T11:51:50","slug":"docentes-2","status":"publish","type":"page","link":"https:\/\/aulanaweb.com\/etefv\/?page_id=2795","title":{"rendered":"Docentes"},"content":{"rendered":"\n<figure class=\"wp-block-table\"><table><tbody><tr><td>Alexandre Castro de Toledo Santos<\/td><td>Eletricidade<\/td><\/tr><tr><td>Ant\u00f4nio Carlos Calil Ferreira<\/td><td>Eletricidade <\/td><\/tr><tr><td>Delirose Ramos Veras Lima <\/td><td>Eletrot\u00e9cnica<\/td><\/tr><tr><td>F\u00e1bio Noronha Teixeira<\/td><td>Eletricidade <\/td><\/tr><tr><td>F\u00e1bio Pimentel Rabello<\/td><td>Eletricidade<\/td><\/tr><tr><td>Gabriel \u00c2ngelo de Barros Vieira<\/td><td>Eletrot\u00e9cnica<\/td><\/tr><tr><td>Jefferson Silveira de Azeredo<\/td><td>Eletricidade <\/td><\/tr><tr><td>Jorge Jos\u00e9 Gomes de Souza<\/td><td>Eletrot\u00e9cnica<\/td><\/tr><tr><td>Luiz Alberto de Faria Gomes<\/td><td>Eletricidade<\/td><\/tr><tr><td>Margareth Nunes Silva<\/td><td>Eletrot\u00e9cnica<\/td><\/tr><tr><td>Neilson Mariano Ceia<\/td><td>Eletrot\u00e9cnica<\/td><\/tr><tr><td>Rog\u00e9rio Jos\u00e9 de Rezende<\/td><td>Eletricidade <\/td><\/tr><\/tbody><\/table><\/figure>\n","protected":false},"excerpt":{"rendered":"<p>Alexandre Castro de Toledo Santos Eletricidade Ant\u00f4nio Carlos Calil Ferreira Eletricidade Delirose Ramos Veras Lima Eletrot\u00e9cnica F\u00e1bio Noronha Teixeira Eletricidade F\u00e1bio Pimentel Rabello Eletricidade Gabriel \u00c2ngelo de Barros Vieira Eletrot\u00e9cnica&#8230; <\/p>\n","protected":false},"author":1,"featured_media":0,"parent":0,"menu_order":0,"comment_status":"closed","ping_status":"closed","template":"","meta":{"jetpack_post_was_ever_published":false,"footnotes":""},"class_list":["post-2795","page","type-page","status-publish","hentry"],"jetpack_sharing_enabled":true,"jetpack_shortlink":"https:\/\/wp.me\/P9cg66-J5","jetpack_likes_enabled":true,"jetpack-related-posts":[{"id":2799,"url":"https:\/\/aulanaweb.com\/etefv\/?page_id=2799","url_meta":{"origin":2795,"position":0},"title":"Docentes","author":"Equipe Diretiva ETEFV","date":"07\/05\/2023","format":false,"excerpt":"Danilo Ab\u00edlio Correa Gon\u00e7alvesMec\u00e2nicaDebora Braga Barros FerreiraMec\u00e2nicaEvandro Paulo de OliveiraMec\u00e2nicaFausto Jos\u00e9 Machay de OliveiraMec\u00e2nica Jos\u00e9 Norberto Vieira LanesMec\u00e2nica Marcelo Lopes FerrazMec\u00e2nicaNelson Roberto de Albuquerque BezerraOrganiza\u00e7\u00e3o e NormasPaulo Eduardo Trindade Feij\u00f3Mec\u00e2nicaRubens Rodrigues JuniorMec\u00e2nica","rel":"","context":"Post similar","block_context":{"text":"Post similar","link":""},"img":{"alt_text":"","src":"","width":0,"height":0},"classes":[]},{"id":250,"url":"https:\/\/aulanaweb.com\/etefv\/?page_id=250","url_meta":{"origin":2795,"position":1},"title":"F\u00edsica","author":"Equipe Diretiva ETEFV","date":"23\/09\/2017","format":false,"excerpt":"Equipe de Professores: ANDREA REIS ALBINO CESAR AUGUSTO RANGEL BASTOS CL\u00c1UDIA COSTA LOPES GON\u00c7ALVES SOSINHO CRISTIANO DA SILVA VIDAL EDUARDO COSTA NUNES FERREIRA JOS\u00c9 GUILHERME MONFORT DE MELLO JOS\u00c9 JORGE DE OLIVEIRA BITTENCOURT LUCIANO DA COSTA PIRES LUCIANO MORAES BARBOZA MARCELO DINIZ SANTA MARINHA RAMATON RAMON ROBERTO ANTONIO FERREIRA DE\u2026","rel":"","context":"Post similar","block_context":{"text":"Post similar","link":""},"img":{"alt_text":"","src":"","width":0,"height":0},"classes":[]},{"id":685,"url":"https:\/\/aulanaweb.com\/etefv\/?page_id=685","url_meta":{"origin":2795,"position":2},"title":"ETEFV &#8211; Comemora\u00e7\u00e3o dos 130 ANOS","author":"Equipe Diretiva ETEFV","date":"13\/08\/2018","format":false,"excerpt":"Escola T\u00e9cnica Estadual Ferreira Viana Centro de Mem\u00f3ria, Centro de Lutas e AAFEV COMEMORA\u00c7\u00c3O DOS 130 ANOS Da aboli\u00e7\u00e3o \u00e0 Casa de S\u00e3o Jos\u00e9: Hist\u00f3rias Cruzadas Agosto de 2018 Dia 21 de agosto \u2013 ter\u00e7a-feira 9h \u00e0s 12h - Local: Sagu\u00e3o de acesso ao 2\u00ba andar Atividades: Exposi\u00e7\u00e3o de banners\u2026","rel":"","context":"Post similar","block_context":{"text":"Post similar","link":""},"img":{"alt_text":"","src":"https:\/\/i0.wp.com\/aulanaweb.com\/etefv\/wp-content\/uploads\/2018\/08\/ETEFV-Antes-e-depois.png?fit=800%2C420&ssl=1&resize=350%2C200","width":350,"height":200,"srcset":"https:\/\/i0.wp.com\/aulanaweb.com\/etefv\/wp-content\/uploads\/2018\/08\/ETEFV-Antes-e-depois.png?fit=800%2C420&ssl=1&resize=350%2C200 1x, https:\/\/i0.wp.com\/aulanaweb.com\/etefv\/wp-content\/uploads\/2018\/08\/ETEFV-Antes-e-depois.png?fit=800%2C420&ssl=1&resize=525%2C300 1.5x, https:\/\/i0.wp.com\/aulanaweb.com\/etefv\/wp-content\/uploads\/2018\/08\/ETEFV-Antes-e-depois.png?fit=800%2C420&ssl=1&resize=700%2C400 2x"},"classes":[]},{"id":264,"url":"https:\/\/aulanaweb.com\/etefv\/?page_id=264","url_meta":{"origin":2795,"position":3},"title":"Qu\u00edmica","author":"Equipe Diretiva ETEFV","date":"23\/09\/2017","format":false,"excerpt":"Equipe de Professores: ALEXANDRE FREITAS NOGUEIRAANDREA DOS SANTOS RODRIGUESCARLA SISMIL BONZOUMETJOS\u00c9 JORGE REZENDE PEREIRAL\u00daCIA MENEZES PINTO DAMASCENOPAULO ROBERTO COELHO","rel":"","context":"Post similar","block_context":{"text":"Post similar","link":""},"img":{"alt_text":"","src":"","width":0,"height":0},"classes":[]},{"id":252,"url":"https:\/\/aulanaweb.com\/etefv\/?page_id=252","url_meta":{"origin":2795,"position":4},"title":"Geografia","author":"Equipe Diretiva ETEFV","date":"23\/09\/2017","format":false,"excerpt":"Equipe de Professores: ANT\u00d4NIO PAIS DO AMARAL FILHO CLAUDENI ALVES LOUREN\u00c7O JOS\u00c9 ANTONIO RIBAS SOARES LUCIANO DE LIMA SILVA LUIS GUSTAVO MELLO DA SILVA RODOLFO DE OLIVEIRA SOUZA","rel":"","context":"Post similar","block_context":{"text":"Post similar","link":""},"img":{"alt_text":"","src":"","width":0,"height":0},"classes":[]},{"id":248,"url":"https:\/\/aulanaweb.com\/etefv\/?page_id=248","url_meta":{"origin":2795,"position":5},"title":"Filosofia","author":"Equipe Diretiva ETEFV","date":"23\/09\/2017","format":false,"excerpt":"Equipe de Professores: ANA MARIA DE SOUZA RICHA ANDREA RANGEL RIBEIRO ANDR\u00c9IA LIMA CAMPOS ANTONIO JORGE SOUZA DE FREITAS GRACIA M\u00d4NICA MASSELLI HARDMAN VIANNA MARIA JOS\u00c9 DE OLIVEIRA TELMA MARIA SILVA REGO","rel":"","context":"Post similar","block_context":{"text":"Post similar","link":""},"img":{"alt_text":"","src":"","width":0,"height":0},"classes":[]}],"_links":{"self":[{"href":"https:\/\/aulanaweb.com\/etefv\/index.php?rest_route=\/wp\/v2\/pages\/2795","targetHints":{"allow":["GET"]}}],"collection":[{"href":"https:\/\/aulanaweb.com\/etefv\/index.php?rest_route=\/wp\/v2\/pages"}],"about":[{"href":"https:\/\/aulanaweb.com\/etefv\/index.php?rest_route=\/wp\/v2\/types\/page"}],"author":[{"embeddable":true,"href":"https:\/\/aulanaweb.com\/etefv\/index.php?rest_route=\/wp\/v2\/users\/1"}],"replies":[{"embeddable":true,"href":"https:\/\/aulanaweb.com\/etefv\/index.php?rest_route=%2Fwp%2Fv2%2Fcomments&post=2795"}],"version-history":[{"count":3,"href":"https:\/\/aulanaweb.com\/etefv\/index.php?rest_route=\/wp\/v2\/pages\/2795\/revisions"}],"predecessor-version":[{"id":3669,"href":"https:\/\/aulanaweb.com\/etefv\/index.php?rest_route=\/wp\/v2\/pages\/2795\/revisions\/3669"}],"wp:attachment":[{"href":"https:\/\/aulanaweb.com\/etefv\/index.php?rest_route=%2Fwp%2Fv2%2Fmedia&parent=2795"}],"curies":[{"name":"wp","href":"https:\/\/api.w.org\/{rel}","templated":true}]}}