{"id":266,"date":"2017-09-23T20:09:49","date_gmt":"2017-09-23T23:09:49","guid":{"rendered":"http:\/\/www.aulanaweb.com\/etefv\/?page_id=266"},"modified":"2023-04-25T16:47:18","modified_gmt":"2023-04-25T19:47:18","slug":"sociologia","status":"publish","type":"page","link":"https:\/\/aulanaweb.com\/etefv\/?page_id=266","title":{"rendered":"Sociologia"},"content":{"rendered":"<p><strong>Equipe de Professores:<\/strong><\/p>\n<p>ADRIANA BATALHA DOS SANTOS<br \/>\nDORCELINA AIRES ROSA<br \/>\nJORGE CUST\u00d3DIO<br \/>\nKARINA DA MOTTA NAVARRO SEMERARO<br \/>\nMARIA FABIANA SALES TRINDADE<br \/>\nS\u00c9RGIO BAPTISTA DOS SANTOS<br \/>\nVANDERLEY PEREIRA M. DO NASCIMENTO<\/p>\n","protected":false},"excerpt":{"rendered":"<p>Equipe de Professores: ADRIANA BATALHA DOS SANTOS DORCELINA AIRES ROSA JORGE CUST\u00d3DIO KARINA DA MOTTA NAVARRO SEMERARO MARIA FABIANA SALES TRINDADE S\u00c9RGIO BAPTISTA DOS SANTOS VANDERLEY PEREIRA M. DO NASCIMENTO<\/p>\n","protected":false},"author":1,"featured_media":0,"parent":38,"menu_order":0,"comment_status":"closed","ping_status":"closed","template":"","meta":{"jetpack_post_was_ever_published":false,"footnotes":""},"class_list":["post-266","page","type-page","status-publish","hentry"],"jetpack_sharing_enabled":true,"jetpack_shortlink":"https:\/\/wp.me\/P9cg66-4i","jetpack_likes_enabled":true,"jetpack-related-posts":[{"id":244,"url":"https:\/\/aulanaweb.com\/etefv\/?page_id=244","url_meta":{"origin":266,"position":0},"title":"Biologia","author":"Equipe Diretiva ETEFV","date":"23\/09\/2017","format":false,"excerpt":"Equipe de Professores: CINTIA DOS SANTOS DE SOUZA ISABELLE GARCIA PINA LEILA DE HOLANDA SCHUMIDT THIAGO HENRIQUE SOUZA DOS SANTOS GOMES VITOR OTTONI PASTORE","rel":"","context":"Post similar","block_context":{"text":"Post similar","link":""},"img":{"alt_text":"","src":"","width":0,"height":0},"classes":[]},{"id":262,"url":"https:\/\/aulanaweb.com\/etefv\/?page_id=262","url_meta":{"origin":266,"position":1},"title":"Matem\u00e1tica","author":"Equipe Diretiva ETEFV","date":"23\/09\/2017","format":false,"excerpt":"Equipe de Professores: ANNA MARIA SOTERO DA SILVA NETO CL\u00c1UDIO HENRIQUE AFONSECA DE SOUZA CL\u00d3VIS REIS DOS SANTOS FL\u00c1VIA FERREIRA DOS SANTOS DE SOUZA JOS\u00c9 DE DEUS DE LIMA KATIA MARIA PEREIRA DUTRA MADALENA THIRY PENNA FIRME VIEIRA NEIDE XAVIER DE SOUZA PAULO C\u00c9SAR ALVES ARA\u00daJO S\u00c9RGIO DE CASTRO DIAS","rel":"","context":"Post similar","block_context":{"text":"Post similar","link":""},"img":{"alt_text":"","src":"","width":0,"height":0},"classes":[]},{"id":264,"url":"https:\/\/aulanaweb.com\/etefv\/?page_id=264","url_meta":{"origin":266,"position":2},"title":"Qu\u00edmica","author":"Equipe Diretiva ETEFV","date":"23\/09\/2017","format":false,"excerpt":"Equipe de Professores: ALEXANDRE FREITAS NOGUEIRAANDREA DOS SANTOS RODRIGUESCARLA SISMIL BONZOUMETJOS\u00c9 JORGE REZENDE PEREIRAL\u00daCIA MENEZES PINTO DAMASCENOPAULO ROBERTO COELHO","rel":"","context":"Post similar","block_context":{"text":"Post similar","link":""},"img":{"alt_text":"","src":"","width":0,"height":0},"classes":[]},{"id":367,"url":"https:\/\/aulanaweb.com\/etefv\/?page_id=367","url_meta":{"origin":266,"position":3},"title":"Coordena\u00e7\u00e3o Adjunta Pedag\u00f3gica","author":"Equipe Diretiva ETEFV","date":"25\/10\/2017","format":false,"excerpt":"Coordena\u00e7\u00e3o Adjunta Pedag\u00f3gica - Denise Nunes Pereira \u201cA escola \u00e9 um espa\u00e7o de encontro - de m\u00faltiplos sujeitos, de ideias; de conflitos \u2013 dos diferentes, dos que pensam diferente e de negocia\u00e7\u00e3o \u2013 dos conflitos, das m\u00faltiplas ideias. \u00c9 nesse l\u00f3cus de conviv\u00eancia das diferen\u00e7as, das tens\u00f5es e negocia\u00e7\u00f5es que\u2026","rel":"","context":"Post similar","block_context":{"text":"Post similar","link":""},"img":{"alt_text":"","src":"","width":0,"height":0},"classes":[]},{"id":2795,"url":"https:\/\/aulanaweb.com\/etefv\/?page_id=2795","url_meta":{"origin":266,"position":4},"title":"Docentes","author":"Equipe Diretiva ETEFV","date":"07\/05\/2023","format":false,"excerpt":"Alexandre Castro de Toledo SantosEletricidadeAnt\u00f4nio Carlos Calil FerreiraEletricidade Delirose Ramos Veras Lima Eletrot\u00e9cnicaF\u00e1bio Noronha TeixeiraEletricidade F\u00e1bio Pimentel RabelloEletricidadeGabriel \u00c2ngelo de Barros VieiraEletrot\u00e9cnicaJefferson Silveira de AzeredoEletricidade Jorge Jos\u00e9 Gomes de SouzaEletrot\u00e9cnicaLuiz Alberto de Faria GomesEletricidadeMargareth Nunes SilvaEletrot\u00e9cnicaNeilson Mariano CeiaEletrot\u00e9cnicaRog\u00e9rio Jos\u00e9 de RezendeEletricidade","rel":"","context":"Post similar","block_context":{"text":"Post similar","link":""},"img":{"alt_text":"","src":"","width":0,"height":0},"classes":[]},{"id":136,"url":"https:\/\/aulanaweb.com\/etefv\/?page_id=136","url_meta":{"origin":266,"position":5},"title":"Docentes","author":"Equipe Diretiva ETEFV","date":"19\/09\/2017","format":false,"excerpt":"Alessandro Maia Ceia Eletr\u00f4nica Alexandre Castro de Toledo Santos Eletr\u00f4nica Carlos Andr\u00e9 de Mello Torraca Figueiredo Eletr\u00f4nica Joel Bezerra de Almeida Filho Eletr\u00f4nica Luis Henrique Monteiro de Castro Eletr\u00f4nica Luiz Roberto Franco Fagundes Filho Eletr\u00f4nica Marcelo de Almeida Duarte Eletr\u00f4nica Marcelo Gomes Faria Eletr\u00f4nica Marcelo Herdy Eletr\u00f4nica M\u00e1rcio C\u00e2ndido da\u2026","rel":"","context":"Post similar","block_context":{"text":"Post similar","link":""},"img":{"alt_text":"","src":"","width":0,"height":0},"classes":[]}],"_links":{"self":[{"href":"https:\/\/aulanaweb.com\/etefv\/index.php?rest_route=\/wp\/v2\/pages\/266","targetHints":{"allow":["GET"]}}],"collection":[{"href":"https:\/\/aulanaweb.com\/etefv\/index.php?rest_route=\/wp\/v2\/pages"}],"about":[{"href":"https:\/\/aulanaweb.com\/etefv\/index.php?rest_route=\/wp\/v2\/types\/page"}],"author":[{"embeddable":true,"href":"https:\/\/aulanaweb.com\/etefv\/index.php?rest_route=\/wp\/v2\/users\/1"}],"replies":[{"embeddable":true,"href":"https:\/\/aulanaweb.com\/etefv\/index.php?rest_route=%2Fwp%2Fv2%2Fcomments&post=266"}],"version-history":[{"count":2,"href":"https:\/\/aulanaweb.com\/etefv\/index.php?rest_route=\/wp\/v2\/pages\/266\/revisions"}],"predecessor-version":[{"id":2619,"href":"https:\/\/aulanaweb.com\/etefv\/index.php?rest_route=\/wp\/v2\/pages\/266\/revisions\/2619"}],"up":[{"embeddable":true,"href":"https:\/\/aulanaweb.com\/etefv\/index.php?rest_route=\/wp\/v2\/pages\/38"}],"wp:attachment":[{"href":"https:\/\/aulanaweb.com\/etefv\/index.php?rest_route=%2Fwp%2Fv2%2Fmedia&parent=266"}],"curies":[{"name":"wp","href":"https:\/\/api.w.org\/{rel}","templated":true}]}}