{"id":252,"date":"2017-09-23T20:07:37","date_gmt":"2017-09-23T23:07:37","guid":{"rendered":"http:\/\/www.aulanaweb.com\/etefv\/?page_id=252"},"modified":"2023-04-25T16:34:21","modified_gmt":"2023-04-25T19:34:21","slug":"geografia","status":"publish","type":"page","link":"https:\/\/aulanaweb.com\/etefv\/?page_id=252","title":{"rendered":"Geografia"},"content":{"rendered":"<p><strong>Equipe de Professores:<\/strong><\/p>\n<p>ANT\u00d4NIO PAIS DO AMARAL FILHO<br \/>\nCLAUDENI ALVES LOUREN\u00c7O<br \/>\nJOS\u00c9 ANTONIO RIBAS SOARES<br \/>\nLUCIANO DE LIMA SILVA<br \/>\nLUIS GUSTAVO MELLO DA SILVA<br \/>\nRODOLFO DE OLIVEIRA SOUZA<\/p>\n","protected":false},"excerpt":{"rendered":"<p>Equipe de Professores: ANT\u00d4NIO PAIS DO AMARAL FILHO CLAUDENI ALVES LOUREN\u00c7O JOS\u00c9 ANTONIO RIBAS SOARES LUCIANO DE LIMA SILVA LUIS GUSTAVO MELLO DA SILVA RODOLFO DE OLIVEIRA SOUZA<\/p>\n","protected":false},"author":1,"featured_media":0,"parent":38,"menu_order":0,"comment_status":"closed","ping_status":"closed","template":"","meta":{"jetpack_post_was_ever_published":false,"footnotes":""},"class_list":["post-252","page","type-page","status-publish","hentry"],"jetpack_sharing_enabled":true,"jetpack_shortlink":"https:\/\/wp.me\/P9cg66-44","jetpack_likes_enabled":true,"jetpack-related-posts":[{"id":2803,"url":"https:\/\/aulanaweb.com\/etefv\/?page_id=2803","url_meta":{"origin":252,"position":0},"title":"Docentes","author":"Equipe Diretiva ETEFV","date":"07\/05\/2023","format":false,"excerpt":"Ailton Hil\u00e1rioTelecomunica\u00e7\u00f5esAjax Antonio RegoTelecomunica\u00e7\u00f5esDanilo da Silva JesusTelecomunica\u00e7\u00f5esEricson Carvalho RibeireteTelecomunica\u00e7\u00f5esJorge Fernando da SilvaTelecomunica\u00e7\u00f5esJos\u00e9 Mauro Campos da SilvaTelecomunica\u00e7\u00f5esLuiz Alberto Costa do AmparoTelecomunica\u00e7\u00f5esLuiz Wagner da Silva PassosTelecomunica\u00e7\u00f5esM\u00e1rcio Roberto Alves LobatoTelecomunica\u00e7\u00f5esMarcus Andr\u00e9 FreichoTelecomunica\u00e7\u00f5esPaulo Pereira LoureiroTelecomunica\u00e7\u00f5esRoque Andr\u00e9 Ciufo PoeysTelecomunica\u00e7\u00f5esS\u00e9rgio Luiz FernandesTelecomunica\u00e7\u00f5esSidney Carlos da CruzTelecomunica\u00e7\u00f5es","rel":"","context":"Post similar","block_context":{"text":"Post similar","link":""},"img":{"alt_text":"","src":"","width":0,"height":0},"classes":[]},{"id":248,"url":"https:\/\/aulanaweb.com\/etefv\/?page_id=248","url_meta":{"origin":252,"position":1},"title":"Filosofia","author":"Equipe Diretiva ETEFV","date":"23\/09\/2017","format":false,"excerpt":"Equipe de Professores: ANA MARIA DE SOUZA RICHA ANDREA RANGEL RIBEIRO ANDR\u00c9IA LIMA CAMPOS ANTONIO JORGE SOUZA DE FREITAS GRACIA M\u00d4NICA MASSELLI HARDMAN VIANNA MARIA JOS\u00c9 DE OLIVEIRA TELMA MARIA SILVA REGO","rel":"","context":"Post similar","block_context":{"text":"Post similar","link":""},"img":{"alt_text":"","src":"","width":0,"height":0},"classes":[]},{"id":2789,"url":"https:\/\/aulanaweb.com\/etefv\/?page_id=2789","url_meta":{"origin":252,"position":2},"title":"Docentes","author":"Equipe Diretiva ETEFV","date":"07\/05\/2023","format":false,"excerpt":"Ant\u00f4nio Carlos ViannaEdifica\u00e7\u00f5esAnt\u00f4nio Marcos Vilarinho MoraesEdifica\u00e7\u00f5esCarlos Roberto MilletEdifica\u00e7\u00f5esEdson Costa Teixeira Edifica\u00e7\u00f5esElton Jorge Bragan\u00e7a RibeiroEdifica\u00e7\u00f5esJacques HonigbaumEdifica\u00e7\u00f5esLuis C\u00e9sar Peruci do AmaralEdifica\u00e7\u00f5esLuis F\u00e1bio CruzEdifica\u00e7\u00f5esLuiz Dami\u00e3o Teixeira da SilvaEdifica\u00e7\u00f5esLuiz Fernando Martins J\u00f3iaEdifica\u00e7\u00f5esMarcos Borges PereiraEdifica\u00e7\u00f5esMario Ribeiro da CruzEdifica\u00e7\u00f5esMauro S\u00e9rgio Costa ReisEdifica\u00e7\u00f5esMiguel da Fonseca Amaral RibeiroEdifica\u00e7\u00f5esNilton de Souza LimaEdifica\u00e7\u00f5esRaimundo Carlos de AlmeidaEdifica\u00e7\u00f5esReynaldo Andr\u00e9 de CastroEdifica\u00e7\u00f5esS\u00e9rgio Ceolin\u2026","rel":"","context":"Post similar","block_context":{"text":"Post similar","link":""},"img":{"alt_text":"","src":"","width":0,"height":0},"classes":[]},{"id":250,"url":"https:\/\/aulanaweb.com\/etefv\/?page_id=250","url_meta":{"origin":252,"position":3},"title":"F\u00edsica","author":"Equipe Diretiva ETEFV","date":"23\/09\/2017","format":false,"excerpt":"Equipe de Professores: ANDREA REIS ALBINO CESAR AUGUSTO RANGEL BASTOS CL\u00c1UDIA COSTA LOPES GON\u00c7ALVES SOSINHO CRISTIANO DA SILVA VIDAL EDUARDO COSTA NUNES FERREIRA JOS\u00c9 GUILHERME MONFORT DE MELLO JOS\u00c9 JORGE DE OLIVEIRA BITTENCOURT LUCIANO DA COSTA PIRES LUCIANO MORAES BARBOZA MARCELO DINIZ SANTA MARINHA RAMATON RAMON ROBERTO ANTONIO FERREIRA DE\u2026","rel":"","context":"Post similar","block_context":{"text":"Post similar","link":""},"img":{"alt_text":"","src":"","width":0,"height":0},"classes":[]},{"id":2795,"url":"https:\/\/aulanaweb.com\/etefv\/?page_id=2795","url_meta":{"origin":252,"position":4},"title":"Docentes","author":"Equipe Diretiva ETEFV","date":"07\/05\/2023","format":false,"excerpt":"Alexandre Castro de Toledo SantosEletricidadeAnt\u00f4nio Carlos Calil FerreiraEletricidade Delirose Ramos Veras Lima Eletrot\u00e9cnicaF\u00e1bio Noronha TeixeiraEletricidade F\u00e1bio Pimentel RabelloEletricidadeGabriel \u00c2ngelo de Barros VieiraEletrot\u00e9cnicaJefferson Silveira de AzeredoEletricidade Jorge Jos\u00e9 Gomes de SouzaEletrot\u00e9cnicaLuiz Alberto de Faria GomesEletricidadeMargareth Nunes SilvaEletrot\u00e9cnicaNeilson Mariano CeiaEletrot\u00e9cnicaRog\u00e9rio Jos\u00e9 de RezendeEletricidade","rel":"","context":"Post similar","block_context":{"text":"Post similar","link":""},"img":{"alt_text":"","src":"","width":0,"height":0},"classes":[]},{"id":42,"url":"https:\/\/aulanaweb.com\/etefv\/?page_id=42","url_meta":{"origin":252,"position":5},"title":"Secretaria Escolar","author":"jair","date":"18\/09\/2017","format":false,"excerpt":"Contatos: e-mail: secretaria@etefv.faetec.rj.gov.br ATEN\u00c7\u00c3O: OS TELEFONES DA ESCOLA N\u00c3O ESTAO FUNCIONANDO. UTILIZE O E-MAIL. Equipe: Esther Farias da Silva Jair Seabra da Silva Mariluci Ferreira Fernandes Ramon Rodrigues Rua","rel":"","context":"Post similar","block_context":{"text":"Post similar","link":""},"img":{"alt_text":"","src":"","width":0,"height":0},"classes":[]}],"_links":{"self":[{"href":"https:\/\/aulanaweb.com\/etefv\/index.php?rest_route=\/wp\/v2\/pages\/252","targetHints":{"allow":["GET"]}}],"collection":[{"href":"https:\/\/aulanaweb.com\/etefv\/index.php?rest_route=\/wp\/v2\/pages"}],"about":[{"href":"https:\/\/aulanaweb.com\/etefv\/index.php?rest_route=\/wp\/v2\/types\/page"}],"author":[{"embeddable":true,"href":"https:\/\/aulanaweb.com\/etefv\/index.php?rest_route=\/wp\/v2\/users\/1"}],"replies":[{"embeddable":true,"href":"https:\/\/aulanaweb.com\/etefv\/index.php?rest_route=%2Fwp%2Fv2%2Fcomments&post=252"}],"version-history":[{"count":2,"href":"https:\/\/aulanaweb.com\/etefv\/index.php?rest_route=\/wp\/v2\/pages\/252\/revisions"}],"predecessor-version":[{"id":2609,"href":"https:\/\/aulanaweb.com\/etefv\/index.php?rest_route=\/wp\/v2\/pages\/252\/revisions\/2609"}],"up":[{"embeddable":true,"href":"https:\/\/aulanaweb.com\/etefv\/index.php?rest_route=\/wp\/v2\/pages\/38"}],"wp:attachment":[{"href":"https:\/\/aulanaweb.com\/etefv\/index.php?rest_route=%2Fwp%2Fv2%2Fmedia&parent=252"}],"curies":[{"name":"wp","href":"https:\/\/api.w.org\/{rel}","templated":true}]}}