{"id":151,"date":"2017-09-19T18:29:00","date_gmt":"2017-09-19T21:29:00","guid":{"rendered":"http:\/\/www.aulanaweb.com\/etefv\/?page_id=151"},"modified":"2022-04-25T22:14:13","modified_gmt":"2022-04-26T01:14:13","slug":"psicologia","status":"publish","type":"page","link":"https:\/\/aulanaweb.com\/etefv\/?page_id=151","title":{"rendered":"Psicologia Escolar"},"content":{"rendered":"<p><strong>Respons\u00e1vel: Psic\u00f3loga Carolina Chagas &#8211; <a href=\"mailto:psicologia@etefv.faetec.rj.gov.br\">psicologia@etefv.faetec.rj.gov.br<\/a><br \/>\n<\/strong><\/p>\n<p>Principais atividades da equipe de psicologia escolar:<\/p>\n<ul>\n<li>Acompanhar e orientar aluno e professores, estudando as rela\u00e7\u00f5es interpessoais nos grupos, aconselhando em car\u00e1ter preventivo;<\/li>\n<li>Realizar diagn\u00f3sticos do rendimento escolar, analisando \u2013 os sob o ponto de vista da motiva\u00e7\u00e3o, propondo mudan\u00e7as nos curr\u00edculos escolares e ajustes nas t\u00e9cnicas de ensino, quando necess\u00e1rio;<\/li>\n<li>Promover pesquisas e levantamentos especializados, buscando detectar necessidades de melhoria no que tange \u00e0 aprendizagem, e quaisquer outros que possam contribuir para facilitar a viabiliza\u00e7\u00e3o do projeto pedag\u00f3gico da FAETEC;<\/li>\n<li>Atuar em equipe multiprofissional com o intuito de estudar casos e promover a an\u00e1lise institucional;<\/li>\n<li>Participar ativamente em reuni\u00f5es de Conselhos de classe, reuni\u00f5es e quaisquer outras para as quais seja convocado; e<\/li>\n<li>Registrar suas atividades, elaborar relat\u00f3rios pertinentes \u00e0s suas atividades.<\/li>\n<\/ul>\n","protected":false},"excerpt":{"rendered":"<p>Respons\u00e1vel: Psic\u00f3loga Carolina Chagas &#8211; psicologia@etefv.faetec.rj.gov.br Principais atividades da equipe de psicologia escolar: Acompanhar e orientar aluno e professores, estudando as rela\u00e7\u00f5es interpessoais nos grupos, aconselhando em car\u00e1ter preventivo; Realizar&#8230; <\/p>\n","protected":false},"author":1,"featured_media":0,"parent":40,"menu_order":0,"comment_status":"closed","ping_status":"closed","template":"","meta":{"jetpack_post_was_ever_published":false,"footnotes":""},"class_list":["post-151","page","type-page","status-publish","hentry"],"jetpack_sharing_enabled":true,"jetpack_shortlink":"https:\/\/wp.me\/P9cg66-2r","jetpack_likes_enabled":true,"jetpack-related-posts":[{"id":124,"url":"https:\/\/aulanaweb.com\/etefv\/?page_id=124","url_meta":{"origin":151,"position":0},"title":"Supervis\u00e3o Escolar e Orienta\u00e7\u00e3o Educacional","author":"Marta Maria Maciel da Silva","date":"06\/04\/2024","format":false,"excerpt":"Componentes da equipe: Diurno(EMI): EM ATUALIZA\u00c7\u00c3O Noturno (SUBSEQUENTE):Supervis\u00e3o e Orienta\u00e7\u00e3o \u2013 Carolina Em\u00edlia Contatos por e-mail (supervis\u00e3o e orienta\u00e7\u00e3o): EMI: supervisao.edificacoes@etefv.faetec.rj.gov.br supervisao.eletronica@etefv.faetec.rj.gov.br supervisao.mecanica@etefv.faetec.rj.gov.br supervisao.telecomunicacoes@etefv.faetec.rj.gov.br supervisao.eletrotecnica@etefv.faetec.rj.gov.br orientacao.edificacoes@etefv.faetec.rj.gov.br orientacao.eletronica@etefv.faetec.rj.gov.br orientacao.mecanica@etefv.faetec.rj.gov.br orientacao.telecomunicacoes@etefv.faetec.rj.gov.br orientacao.eletrotecnica@etefv.faetec.rj.gov.br Subsequente: supervisao.subsequente@etefv.faetec.rj.gov.br orientacao.subsequente@etefv.faetec.rj.gov.br Principais atribui\u00e7\u00f5es da equipe de Supervis\u00e3o Escolar: Desenvolver pesquisa de campo, promovendo visitas, consultas e debates no\u2026","rel":"","context":"Post similar","block_context":{"text":"Post similar","link":""},"img":{"alt_text":"","src":"","width":0,"height":0},"classes":[]},{"id":367,"url":"https:\/\/aulanaweb.com\/etefv\/?page_id=367","url_meta":{"origin":151,"position":1},"title":"Coordena\u00e7\u00e3o Adjunta Pedag\u00f3gica","author":"Equipe Diretiva ETEFV","date":"25\/10\/2017","format":false,"excerpt":"Coordena\u00e7\u00e3o Adjunta Pedag\u00f3gica - Denise Nunes Pereira \u201cA escola \u00e9 um espa\u00e7o de encontro - de m\u00faltiplos sujeitos, de ideias; de conflitos \u2013 dos diferentes, dos que pensam diferente e de negocia\u00e7\u00e3o \u2013 dos conflitos, das m\u00faltiplas ideias. \u00c9 nesse l\u00f3cus de conviv\u00eancia das diferen\u00e7as, das tens\u00f5es e negocia\u00e7\u00f5es que\u2026","rel":"","context":"Post similar","block_context":{"text":"Post similar","link":""},"img":{"alt_text":"","src":"","width":0,"height":0},"classes":[]},{"id":40,"url":"https:\/\/aulanaweb.com\/etefv\/?page_id=40","url_meta":{"origin":151,"position":2},"title":"Setores Escolares","author":"Equipe Diretiva ETEFV","date":"18\/09\/2017","format":false,"excerpt":"Setores Escolares: Supervis\u00e3o Escolar e Orienta\u00e7\u00e3o Educacional Psicologia Escolar Educa\u00e7\u00e3o Especial Setor de Est\u00e1gio Biblioteca","rel":"","context":"Post similar","block_context":{"text":"Post similar","link":""},"img":{"alt_text":"","src":"","width":0,"height":0},"classes":[]},{"id":126,"url":"https:\/\/aulanaweb.com\/etefv\/?page_id=126","url_meta":{"origin":151,"position":3},"title":"Orienta\u00e7\u00e3o Educacional","author":"Marta Maria Maciel da Silva","date":"19\/09\/2017","format":false,"excerpt":"Componentes da Equipe: Turmas 2023 EMI Supervisoras: SE Maria Rosa: 1111, 1211, 2211, 3111, 1101, 1201, 1202, 2101, 2201, 3101, 3201,1121, 1221 e 2121 SE Patr\u00edcia: 1151, 1151, 1251, 1252, 2151, 3151, 3251, 1141, 1142, 1241, 2241, 3141, 3241,3121 e 3221 Edifica\u00e7\u00f5es (7 turmas)1101 \u2013 C\u00e9lia1201 \u2013 C\u00e9lia1202 \u2013 C\u00e9lia2101\u2026","rel":"","context":"Post similar","block_context":{"text":"Post similar","link":""},"img":{"alt_text":"","src":"","width":0,"height":0},"classes":[]},{"id":34,"url":"https:\/\/aulanaweb.com\/etefv\/?page_id=34","url_meta":{"origin":151,"position":4},"title":"A Escola","author":"Equipe Diretiva ETEFV","date":"18\/09\/2017","format":false,"excerpt":"A ETEFV, unidade de educa\u00e7\u00e3o T\u00e9cnica de n\u00edvel M\u00e9dio mantida pela FAETEC, tem como objetivo formar T\u00e9cnicos de n\u00edvel M\u00e9dio nas \u00e1reas de Edifica\u00e7\u00f5es, Eletr\u00f4nica, Eletrot\u00e9cnica, Mec\u00e2nica, Saneamento e Telecomunica\u00e7\u00f5es, aptos a desenvolver atividades t\u00e9cnicas no mercado de trabalho. Miss\u00e3o: Promover atividades integradas de ensino, visando o desenvolvimento humano-tecnol\u00f3gico, a\u2026","rel":"","context":"Post similar","block_context":{"text":"Post similar","link":""},"img":{"alt_text":"","src":"https:\/\/i0.wp.com\/aulanaweb.com\/etefv\/wp-content\/uploads\/2021\/12\/Imagem2-300x209.png?resize=350%2C200&ssl=1","width":350,"height":200},"classes":[]},{"id":283,"url":"https:\/\/aulanaweb.com\/etefv\/?page_id=283","url_meta":{"origin":151,"position":5},"title":"Espanhol","author":"Equipe Diretiva ETEFV","date":"26\/09\/2017","format":false,"excerpt":"Caros pais e alunos H\u00e1 muito se sabe da import\u00e2ncia de aprender um idioma. E por que o espanhol? A l\u00edngua espanhola \u00e9 a segunda mais falada no mundo. S\u00e3o aproximadamente 406 milh\u00f5es de falantes nativos, uma das l\u00ednguas mais populares na Europa, a segunda mais falada nos Estados Unidos\u2026","rel":"","context":"Post similar","block_context":{"text":"Post similar","link":""},"img":{"alt_text":"","src":"","width":0,"height":0},"classes":[]}],"_links":{"self":[{"href":"https:\/\/aulanaweb.com\/etefv\/index.php?rest_route=\/wp\/v2\/pages\/151","targetHints":{"allow":["GET"]}}],"collection":[{"href":"https:\/\/aulanaweb.com\/etefv\/index.php?rest_route=\/wp\/v2\/pages"}],"about":[{"href":"https:\/\/aulanaweb.com\/etefv\/index.php?rest_route=\/wp\/v2\/types\/page"}],"author":[{"embeddable":true,"href":"https:\/\/aulanaweb.com\/etefv\/index.php?rest_route=\/wp\/v2\/users\/1"}],"replies":[{"embeddable":true,"href":"https:\/\/aulanaweb.com\/etefv\/index.php?rest_route=%2Fwp%2Fv2%2Fcomments&post=151"}],"version-history":[{"count":0,"href":"https:\/\/aulanaweb.com\/etefv\/index.php?rest_route=\/wp\/v2\/pages\/151\/revisions"}],"up":[{"embeddable":true,"href":"https:\/\/aulanaweb.com\/etefv\/index.php?rest_route=\/wp\/v2\/pages\/40"}],"wp:attachment":[{"href":"https:\/\/aulanaweb.com\/etefv\/index.php?rest_route=%2Fwp%2Fv2%2Fmedia&parent=151"}],"curies":[{"name":"wp","href":"https:\/\/api.w.org\/{rel}","templated":true}]}}