{"id":126,"date":"2017-09-19T10:28:20","date_gmt":"2017-09-19T13:28:20","guid":{"rendered":"http:\/\/www.aulanaweb.com\/etefv\/?page_id=126"},"modified":"2023-05-05T23:48:25","modified_gmt":"2023-05-06T02:48:25","slug":"orientacao-educacional","status":"publish","type":"page","link":"https:\/\/aulanaweb.com\/etefv\/?page_id=126","title":{"rendered":"Orienta\u00e7\u00e3o Educacional"},"content":{"rendered":"<p><strong>Componentes da Equipe:<\/strong><\/p>\n\n\n<p><strong>Turmas 2023 EMI<\/strong><\/p>\n\n\n\n<div class=\"wp-block-group\"><div class=\"wp-block-group__inner-container is-layout-constrained wp-block-group-is-layout-constrained\">\n<div class=\"wp-block-group\"><div class=\"wp-block-group__inner-container is-layout-constrained wp-block-group-is-layout-constrained\">\n<div class=\"wp-block-group is-vertical is-layout-flex wp-container-core-group-is-layout-8cf370e7 wp-block-group-is-layout-flex\">\n<ul class=\"wp-block-list\">\n<li>Supervisoras:\n<ul class=\"wp-block-list\">\n<li>SE Maria Rosa: 1111, 1211, 2211, 3111, 1101, 1201, 1202, 2101, 2201, 3101, 3201,<br>1121, 1221 e 2121<\/li>\n\n\n\n<li>SE Patr\u00edcia: 1151, 1151, 1251, 1252, 2151, 3151, 3251, 1141, 1142, 1241, 2241, 3141, 3241,<br>3121 e 3221<\/li>\n<\/ul>\n<\/li>\n<\/ul>\n<\/div>\n<\/div><\/div>\n<\/div><\/div>\n\n\n\n<p><strong>Edifica\u00e7\u00f5es (7 turmas)<\/strong><br>1101 \u2013 C\u00e9lia<br>1201 \u2013 C\u00e9lia<br>1202 \u2013 C\u00e9lia<br>2101 \u2013 C\u00e9lia<br>2201 \u2013 C\u00e9lia<br>3101 \u2013 C\u00e9lia<br>3201 \u2013 C\u00e9lia<\/p>\n\n\n\n<div class=\"wp-block-group\"><div class=\"wp-block-group__inner-container is-layout-constrained wp-block-group-is-layout-constrained\"><\/div><\/div>\n\n\n\n<p><strong>Eletr\u00f4nica (7 turmas)<\/strong><br>1151 \u2013 Cristiane<br>1152 &#8211; Cristiane<br>1251 \u2013 Cristiane<br>1252 \u2013 Cristiane<br>2151 \u2013 Cristiane<br>3151 \u2013 C\u00e9lia<br>3251 \u2013 C\u00e9lia<\/p>\n\n\n\n<p><strong>Eletrot\u00e9cnica (6 turmas)<\/strong><br>1121 \u2013 Marta<br>1221 \u2013 Marta<br>2121 \u2013 Marta<br>3121 \u2013 Marta<br>3221 \u2013 Marta<\/p>\n\n\n\n<div class=\"wp-block-group\"><div class=\"wp-block-group__inner-container is-layout-constrained wp-block-group-is-layout-constrained\">\n<p><strong>Mec\u00e2nica (5 turmas)<\/strong><br>1111 \u2013 Marta<br>1112 &#8211; Marta<br>1211 \u2013 Marta<br>2211 \u2013 Marta<br>3111 \u2013 Marta<\/p>\n\n\n\n<p><\/p>\n\n\n\n<p><strong>Telecomunica\u00e7\u00f5es (6 turmas)<\/strong><br>1141 \u2013 Cristiane<br>1142 \u2013 Cristiane<br>1241 \u2013 Cristiane<br>2241 \u2013 Cristiane<br>3141 \u2013 Cristiane<br>3241 \u2013 Cristiane<\/p>\n\n\n\n<p><\/p>\n\n\n\n<p><strong>2023 SUBSEQUENTE<\/strong> <br>OE \u2013 Carolina Em\u00edlia<\/p>\n\n\n\n<p><\/p>\n\n\n\n<p><\/p>\n\n\n\n<p><\/p>\n<\/div><\/div>\n\n\n\n<p><strong>EMI:<\/strong><\/p>\n\n\n\n<ul class=\"wp-block-list\">\n<li>Supervisoras:\n<ul class=\"wp-block-list\">\n<li>SE Maria Rosa: Mec\u00e2nica, Edifica\u00e7\u00f5es e 1\u00aa e 2\u00aa s\u00e9ries de Eletrot\u00e9cnica<\/li>\n\n\n\n<li>SE Patr\u00edcia: Eletr\u00f4nica, Telecomunica\u00e7\u00f5es e 3\u00aa s\u00e9rie de Eletrot\u00e9cnica<\/li>\n<\/ul>\n\n<ul class=\"wp-block-list\">\n<li>SE Maria Rosa: Mec\u00e2nica, Edifica\u00e7\u00f5es e 1\u00aa e 2\u00aa s\u00e9ries de Eletrot\u00e9cnica<\/li>\n\n\n\n<li>SE Patr\u00edcia: Eletr\u00f4nica, Telecomunica\u00e7\u00f5es e 3\u00aa s\u00e9rie de Eletrot\u00e9cnica<\/li>\n<\/ul>\n<\/li>\n<\/ul>\n\n\n\n<ul class=\"wp-block-list\">\n<li>OE por curso:<\/li>\n<\/ul>\n\n\n\n<p><strong>Eletrot\u00e9cnica<\/strong><br>OE Marta <\/p>\n\n\n\n<p><strong>Mec\u00e2nica<\/strong><br>OE Marta <\/p>\n\n\n\n<p><strong>Telecomunica\u00e7\u00f5es<\/strong><br>OE Cristiane <\/p>\n\n\n\n<p><strong>Edifica\u00e7\u00f5es<\/strong><br>OE C\u00e9lia<\/p>\n\n\n\n<p><strong>Eletr\u00f4nica<\/strong> <br>OE Cristiane (1\u00aa e 2\u00aa s\u00e9ries)<br>OE C\u00e9lia (3\u00aa s\u00e9rie)<\/p>\n\n\n<p>Legenda: SE &#8211; Supervis\u00e3o Escolar \/ OE &#8211; Orienta\u00e7\u00e3o Educacional<\/p>\n<p><strong>Contatos por e-mail:<\/strong><\/p>\n<ul style=\"list-style-type: circle;\">\n<li>orientacao.telecomunicacoes@etefv.faetec.rj.gov.br<\/li>\n<li>orientacao.mecanica@etefv.faetec.rj.gov.br<\/li>\n<li>orientacao.eletrotecnica@etefv.faetec.rj.gov.br<\/li>\n<li>orientacao.edificacoes@etefv.faetec.rj.gov.br<\/li>\n<li>orientacao.eletronica@etefv.faetec.rj.gov.br<\/li>\n<li>orientacao.subsequente@etefv.faetec.rj.gov.br<\/li>\n<\/ul>\n<p>Principais atividades da equipe de Orienta\u00e7\u00e3o Educacional:<\/p>\n<ul>\n<li style=\"list-style-type: none;\">\n<ul>\n<li style=\"text-align: justify;\">participar da discuss\u00e3o do Projeto Pedag\u00f3gico da escola;<\/li>\n<\/ul>\n<\/li>\n<\/ul>\n<ul>\n<li style=\"list-style-type: none;\">\n<ul>\n<li style=\"text-align: justify;\">coordenar, orientar e acompanhar as a\u00e7\u00f5es espec\u00edficas da \u00e1rea de Est\u00e1gio dos cursos t\u00e9cnicos oferecidos pela escola, quando for o caso;<\/li>\n<\/ul>\n<\/li>\n<\/ul>\n<ul>\n<li style=\"list-style-type: none;\">\n<ul>\n<li style=\"text-align: justify;\">elaborar o plano anual de trabalho considerando as necessidades do conjunto dos alunos a serem atendidos e as normas referentes ao est\u00e1gio curricular oriundas da FAETEC, quando for o caso;<\/li>\n<\/ul>\n<\/li>\n<\/ul>\n<ul>\n<li style=\"list-style-type: none;\">\n<ul>\n<li style=\"text-align: justify;\">emitir parecer em mat\u00e9ria de sua compet\u00eancia;<\/li>\n<\/ul>\n<\/li>\n<\/ul>\n<ul>\n<li style=\"list-style-type: none;\">\n<ul>\n<li style=\"text-align: justify;\">participar do planejamento, acompanhamento e avalia\u00e7\u00e3o do Curr\u00edculo da escola;<\/li>\n<\/ul>\n<\/li>\n<\/ul>\n<ul>\n<li style=\"list-style-type: none;\">\n<ul>\n<li style=\"text-align: justify;\">participar das reuni\u00f5es convocadas pela FAETEC;<\/li>\n<\/ul>\n<\/li>\n<\/ul>\n<ul>\n<li style=\"list-style-type: none;\">\n<ul>\n<li style=\"text-align: justify;\">participar da defini\u00e7\u00e3o de estrat\u00e9gias que visem a efetiva melhoria do desempenho das turmas, dos alunos e dos profissionais envolvidos no trabalho pedag\u00f3gico;<\/li>\n<\/ul>\n<\/li>\n<\/ul>\n<ul>\n<li style=\"list-style-type: none;\">\n<ul>\n<li style=\"text-align: justify;\">elaborar relat\u00f3rios do trabalho desenvolvido;<\/li>\n<\/ul>\n<\/li>\n<\/ul>\n<ul>\n<li style=\"list-style-type: none;\">\n<ul>\n<li style=\"text-align: justify;\">participar de reuni\u00f5es promovidas pela escola com os pais e\/ou respons\u00e1veis visando maior integra\u00e7\u00e3o, como tamb\u00e9m o acompanhamento mais efetivo do aproveitamento do aluno;&nbsp;e<\/li>\n<\/ul>\n<\/li>\n<\/ul>\n<ul>\n<li style=\"text-align: justify;\">acompanhar na escola as atividades de est\u00e1gio em Orienta\u00e7\u00e3o Educacional.<\/li>\n<\/ul>","protected":false},"excerpt":{"rendered":"<p>Componentes da Equipe: Turmas 2023 EMI Edifica\u00e7\u00f5es (7 turmas)1101 \u2013 C\u00e9lia1201 \u2013 C\u00e9lia1202 \u2013 C\u00e9lia2101 \u2013 C\u00e9lia2201 \u2013 C\u00e9lia3101 \u2013 C\u00e9lia3201 \u2013 C\u00e9lia Eletr\u00f4nica (7 turmas)1151 \u2013 Cristiane1152 &#8211; Cristiane1251&#8230; <\/p>\n","protected":false},"author":5,"featured_media":0,"parent":40,"menu_order":0,"comment_status":"closed","ping_status":"closed","template":"","meta":{"jetpack_post_was_ever_published":false,"footnotes":""},"class_list":["post-126","page","type-page","status-publish","hentry"],"jetpack_sharing_enabled":true,"jetpack_shortlink":"https:\/\/wp.me\/P9cg66-22","jetpack_likes_enabled":true,"jetpack-related-posts":[{"id":940,"url":"https:\/\/aulanaweb.com\/etefv\/?page_id=940","url_meta":{"origin":126,"position":0},"title":"Livros did\u00e1ticos","author":"Equipe Diretiva ETEFV","date":"08\/03\/2019","format":false,"excerpt":"MANH\u00c3 1\u00b0 GRUPO: DIAS: 13\/3 E 20\/3 (4\u00aa F) \u2013 Prof\u00aa. M\u00f4nica TURMAS HOR\u00c1RIO PROFESSOR 1101 8:15 Leila (Bio) 1111 9:00 Luciano (Geo) 1142 10:15 V\u00e2nia P. (LP) 1141 10:40 Alessandro\/Marcelo (LEle) 1121 11:30 Gracia M. (Fil.) 2\u00b0 GRUPO: DIAS: 14\/3 E 21\/3 (5\u00aa F) \u2013 Prof\u00aa. M\u00f4nica TURMAS HOR\u00c1RIO\u2026","rel":"","context":"Post similar","block_context":{"text":"Post similar","link":""},"img":{"alt_text":"","src":"https:\/\/i0.wp.com\/aulanaweb.com\/etefv\/wp-content\/uploads\/2019\/03\/Distribui%C3%A7%C3%A3o-dos-Livros-Did%C3%A1ticos-2019.png?fit=780%2C400&ssl=1&resize=350%2C200","width":350,"height":200,"srcset":"https:\/\/i0.wp.com\/aulanaweb.com\/etefv\/wp-content\/uploads\/2019\/03\/Distribui%C3%A7%C3%A3o-dos-Livros-Did%C3%A1ticos-2019.png?fit=780%2C400&ssl=1&resize=350%2C200 1x, https:\/\/i0.wp.com\/aulanaweb.com\/etefv\/wp-content\/uploads\/2019\/03\/Distribui%C3%A7%C3%A3o-dos-Livros-Did%C3%A1ticos-2019.png?fit=780%2C400&ssl=1&resize=525%2C300 1.5x, https:\/\/i0.wp.com\/aulanaweb.com\/etefv\/wp-content\/uploads\/2019\/03\/Distribui%C3%A7%C3%A3o-dos-Livros-Did%C3%A1ticos-2019.png?fit=780%2C400&ssl=1&resize=700%2C400 2x"},"classes":[]},{"id":124,"url":"https:\/\/aulanaweb.com\/etefv\/?page_id=124","url_meta":{"origin":126,"position":1},"title":"Supervis\u00e3o Escolar e Orienta\u00e7\u00e3o Educacional","author":"Marta Maria Maciel da Silva","date":"06\/04\/2024","format":false,"excerpt":"Componentes da equipe: Diurno(EMI): EM ATUALIZA\u00c7\u00c3O Noturno (SUBSEQUENTE):Supervis\u00e3o e Orienta\u00e7\u00e3o \u2013 Carolina Em\u00edlia Contatos por e-mail (supervis\u00e3o e orienta\u00e7\u00e3o): EMI: supervisao.edificacoes@etefv.faetec.rj.gov.br supervisao.eletronica@etefv.faetec.rj.gov.br supervisao.mecanica@etefv.faetec.rj.gov.br supervisao.telecomunicacoes@etefv.faetec.rj.gov.br supervisao.eletrotecnica@etefv.faetec.rj.gov.br orientacao.edificacoes@etefv.faetec.rj.gov.br orientacao.eletronica@etefv.faetec.rj.gov.br orientacao.mecanica@etefv.faetec.rj.gov.br orientacao.telecomunicacoes@etefv.faetec.rj.gov.br orientacao.eletrotecnica@etefv.faetec.rj.gov.br Subsequente: supervisao.subsequente@etefv.faetec.rj.gov.br orientacao.subsequente@etefv.faetec.rj.gov.br Principais atribui\u00e7\u00f5es da equipe de Supervis\u00e3o Escolar: Desenvolver pesquisa de campo, promovendo visitas, consultas e debates no\u2026","rel":"","context":"Post similar","block_context":{"text":"Post similar","link":""},"img":{"alt_text":"","src":"","width":0,"height":0},"classes":[]},{"id":2544,"url":"https:\/\/aulanaweb.com\/etefv\/?page_id=2544","url_meta":{"origin":126,"position":2},"title":"Oficinas de M\u00fasica","author":"Sebasti\u00e3o Sant\u00b4Anna","date":"19\/04\/2023","format":false,"excerpt":"OBJETIVOS GERAIS Capacitar o aluno a ter uma vis\u00e3o cr\u00edtica da m\u00fasica em sua evolu\u00e7\u00e3o hist\u00f3rica. Desenvolver no aluno a capacidade de apreciar e realizar atividades musicais, despertando o seu potencial criativo. Ampliar o conhecimento do processo da Linguagem Musical, nas diversas formas de express\u00e3o, para que ele vivencie a\u2026","rel":"","context":"Post similar","block_context":{"text":"Post similar","link":""},"img":{"alt_text":"","src":"https:\/\/i0.wp.com\/aulanaweb.com\/etefv\/wp-content\/uploads\/2023\/04\/notas-pq-edited.png?resize=350%2C200&ssl=1","width":350,"height":200},"classes":[]},{"id":72,"url":"https:\/\/aulanaweb.com\/etefv\/?page_id=72","url_meta":{"origin":126,"position":3},"title":"Eletrot\u00e9cnica","author":"Equipe Diretiva ETEFV","date":"18\/09\/2017","format":false,"excerpt":"Docentes Coordenadores (EMI e Subsequente): Professores Margareth Nunes Silva e Ant\u00f4nio Carlos Calil Ferreira - \u00a0coordenacao.eletrotecnica.emi@etefv.faetec.rj.gov.br\u00a0 Orientador de Est\u00e1gio: Professor Jefferson Silveira de Azeredo. O Curso T\u00e9cnico de N\u00edvel M\u00e9dio em Eletrot\u00e9cnica, do eixo tecnol\u00f3gico de Controle e Processos Industriais, visa preparar profissionais cidad\u00e3os com conhecimentos t\u00e9cnicos e \u00e9ticos, possuidores\u2026","rel":"","context":"Post similar","block_context":{"text":"Post similar","link":""},"img":{"alt_text":"","src":"https:\/\/i0.wp.com\/aulanaweb.com\/etefv\/wp-content\/uploads\/2017\/09\/d8ca1e6a5787c5ff309aa82961b03a31.jpg?fit=774%2C551&ssl=1&resize=350%2C200","width":350,"height":200,"srcset":"https:\/\/i0.wp.com\/aulanaweb.com\/etefv\/wp-content\/uploads\/2017\/09\/d8ca1e6a5787c5ff309aa82961b03a31.jpg?fit=774%2C551&ssl=1&resize=350%2C200 1x, https:\/\/i0.wp.com\/aulanaweb.com\/etefv\/wp-content\/uploads\/2017\/09\/d8ca1e6a5787c5ff309aa82961b03a31.jpg?fit=774%2C551&ssl=1&resize=525%2C300 1.5x, https:\/\/i0.wp.com\/aulanaweb.com\/etefv\/wp-content\/uploads\/2017\/09\/d8ca1e6a5787c5ff309aa82961b03a31.jpg?fit=774%2C551&ssl=1&resize=700%2C400 2x"},"classes":[]},{"id":1195,"url":"https:\/\/aulanaweb.com\/etefv\/?page_id=1195","url_meta":{"origin":126,"position":4},"title":"Boas Festas e Feliz Ano Novo","author":"Equipe Diretiva ETEFV","date":"23\/12\/2019","format":false,"excerpt":"Mais um ano se passou! Foram 12 meses de muita experi\u00eancia para o futuro. Foram momentos de felicidade, reflex\u00e3o, mas, acima de tudo, de aprendizado. Que a paz, a sa\u00fade e o amor estejam presentes em todos os dias deste novo ano que se inicia. Que as luzes brilhem e\u2026","rel":"","context":"Post similar","block_context":{"text":"Post similar","link":""},"img":{"alt_text":"","src":"https:\/\/i0.wp.com\/aulanaweb.com\/etefv\/wp-content\/uploads\/2019\/12\/felizanonovo.jpg?fit=696%2C464&ssl=1&resize=350%2C200","width":350,"height":200,"srcset":"https:\/\/i0.wp.com\/aulanaweb.com\/etefv\/wp-content\/uploads\/2019\/12\/felizanonovo.jpg?fit=696%2C464&ssl=1&resize=350%2C200 1x, https:\/\/i0.wp.com\/aulanaweb.com\/etefv\/wp-content\/uploads\/2019\/12\/felizanonovo.jpg?fit=696%2C464&ssl=1&resize=525%2C300 1.5x"},"classes":[]},{"id":62,"url":"https:\/\/aulanaweb.com\/etefv\/?page_id=62","url_meta":{"origin":126,"position":5},"title":"Eletr\u00f4nica","author":"Equipe Diretiva ETEFV","date":"18\/09\/2017","format":false,"excerpt":"Coordenadores (EMI e Subsequente): Professores Luis Henrique Castro e Sebasti\u00e3o Sant'Anna \u00a0\u00a0- coordenacao.eletronica.emi@etefv.faetec.rj.gov.br Orientador de Est\u00e1gio: Prof. Victor Lima O Curso T\u00e9cnico de N\u00edvel M\u00e9dio em Eletr\u00f4nica, do eixo tecnol\u00f3gico de Controle e Processos Industriais, visa preparar profissionais cidad\u00e3os com conhecimentos t\u00e9cnicos e \u00e9ticos, possuidores de compet\u00eancias e habilidades administrativas,\u2026","rel":"","context":"Post similar","block_context":{"text":"Post similar","link":""},"img":{"alt_text":"","src":"https:\/\/i0.wp.com\/aulanaweb.com\/etefv\/wp-content\/uploads\/2017\/09\/empresa-manutencao-eletronica-industrial-01.jpg?fit=498%2C280&ssl=1&resize=350%2C200","width":350,"height":200},"classes":[]}],"_links":{"self":[{"href":"https:\/\/aulanaweb.com\/etefv\/index.php?rest_route=\/wp\/v2\/pages\/126","targetHints":{"allow":["GET"]}}],"collection":[{"href":"https:\/\/aulanaweb.com\/etefv\/index.php?rest_route=\/wp\/v2\/pages"}],"about":[{"href":"https:\/\/aulanaweb.com\/etefv\/index.php?rest_route=\/wp\/v2\/types\/page"}],"author":[{"embeddable":true,"href":"https:\/\/aulanaweb.com\/etefv\/index.php?rest_route=\/wp\/v2\/users\/5"}],"replies":[{"embeddable":true,"href":"https:\/\/aulanaweb.com\/etefv\/index.php?rest_route=%2Fwp%2Fv2%2Fcomments&post=126"}],"version-history":[{"count":12,"href":"https:\/\/aulanaweb.com\/etefv\/index.php?rest_route=\/wp\/v2\/pages\/126\/revisions"}],"predecessor-version":[{"id":2770,"href":"https:\/\/aulanaweb.com\/etefv\/index.php?rest_route=\/wp\/v2\/pages\/126\/revisions\/2770"}],"up":[{"embeddable":true,"href":"https:\/\/aulanaweb.com\/etefv\/index.php?rest_route=\/wp\/v2\/pages\/40"}],"wp:attachment":[{"href":"https:\/\/aulanaweb.com\/etefv\/index.php?rest_route=%2Fwp%2Fv2%2Fmedia&parent=126"}],"curies":[{"name":"wp","href":"https:\/\/api.w.org\/{rel}","templated":true}]}}