{"id":116,"date":"2017-09-19T10:25:04","date_gmt":"2017-09-19T13:25:04","guid":{"rendered":"http:\/\/www.aulanaweb.com\/etefv\/?page_id=116"},"modified":"2018-06-26T19:19:38","modified_gmt":"2018-06-26T22:19:38","slug":"escola-de-projetos","status":"publish","type":"page","link":"https:\/\/aulanaweb.com\/etefv\/?page_id=116","title":{"rendered":"Escola de Projetos"},"content":{"rendered":"<p style=\"text-align: justify;\">A Escola de Projetos realiza a orienta\u00e7\u00e3o para o desenvolvimento de projetos para posterior envio a ag\u00eancias de fomento.<\/p>\n<p style=\"text-align: justify;\">Esta orienta\u00e7\u00e3o \u00e9 realizada em parceria com outros docentes Mestres e Doutores, atuantes em projetos educacionais, na \u00e1rea da Ci\u00eancia e Tecnologia,\u00a0 em disciplinas do Ensino Profissional ligadas aos cursos nos quais os alunos est\u00e3o inscritos na ETEFV (Edifica\u00e7\u00f5es, Eletrot\u00e9cnica, Eletr\u00f4nica, Mec\u00e2nica e Edifica\u00e7\u00f5es) e disciplinas do Ensino M\u00e9dio (F\u00edsica, Qu\u00edmica, Matem\u00e1tica, Sociologia, Hist\u00f3ria, etc.- Ensino M\u00e9dio).<\/p>\n","protected":false},"excerpt":{"rendered":"<p>A Escola de Projetos realiza a orienta\u00e7\u00e3o para o desenvolvimento de projetos para posterior envio a ag\u00eancias de fomento. Esta orienta\u00e7\u00e3o \u00e9 realizada em parceria com outros docentes Mestres e&#8230; <\/p>\n","protected":false},"author":1,"featured_media":0,"parent":44,"menu_order":0,"comment_status":"closed","ping_status":"closed","template":"","meta":{"jetpack_post_was_ever_published":false,"footnotes":""},"class_list":["post-116","page","type-page","status-publish","hentry"],"jetpack_sharing_enabled":true,"jetpack_shortlink":"https:\/\/wp.me\/P9cg66-1S","jetpack_likes_enabled":true,"jetpack-related-posts":[{"id":36,"url":"https:\/\/aulanaweb.com\/etefv\/?page_id=36","url_meta":{"origin":116,"position":0},"title":"Ensino T\u00e9cnico","author":"Equipe Diretiva ETEFV","date":"18\/09\/2017","format":false,"excerpt":"A ETEFV oferece cinco op\u00e7\u00f5es para quem quer cursar o ensino t\u00e9cnico, todas gratuitas! N\u00e3o h\u00e1 pagamento de matr\u00edcula ou mensalidade. Para ingressar em um de nossos cursos, \u00e9 preciso ser aprovado em exame de sele\u00e7\u00e3o, realizado duas vezes ao ano. Cursos T\u00e9cnicos: Edifica\u00e7\u00f5es: Desenvolve e executa projetos de edifica\u00e7\u00f5es\u2026","rel":"","context":"Post similar","block_context":{"text":"Post similar","link":""},"img":{"alt_text":"","src":"","width":0,"height":0},"classes":[]},{"id":367,"url":"https:\/\/aulanaweb.com\/etefv\/?page_id=367","url_meta":{"origin":116,"position":1},"title":"Coordena\u00e7\u00e3o Adjunta Pedag\u00f3gica","author":"Equipe Diretiva ETEFV","date":"25\/10\/2017","format":false,"excerpt":"Coordena\u00e7\u00e3o Adjunta Pedag\u00f3gica - Denise Nunes Pereira \u201cA escola \u00e9 um espa\u00e7o de encontro - de m\u00faltiplos sujeitos, de ideias; de conflitos \u2013 dos diferentes, dos que pensam diferente e de negocia\u00e7\u00e3o \u2013 dos conflitos, das m\u00faltiplas ideias. \u00c9 nesse l\u00f3cus de conviv\u00eancia das diferen\u00e7as, das tens\u00f5es e negocia\u00e7\u00f5es que\u2026","rel":"","context":"Post similar","block_context":{"text":"Post similar","link":""},"img":{"alt_text":"","src":"","width":0,"height":0},"classes":[]},{"id":31,"url":"https:\/\/aulanaweb.com\/etefv\/?page_id=31","url_meta":{"origin":116,"position":2},"title":"Edifica\u00e7\u00f5es","author":"Equipe Diretiva ETEFV","date":"18\/09\/2017","format":false,"excerpt":"Docentes Coordenadores (EMI e Subsequente): Professores Luiz Fernando Martins J\u00f3ia e F\u00e1bio Cardozo - coordenacao.edificacoes.emi@etefv.faetec.rj.gov.br Orientador de Est\u00e1gio: Prof. Elton Jorge Bragan\u00e7a Ribeiro O Curso T\u00e9cnico de N\u00edvel M\u00e9dio em Edifica\u00e7\u00f5es, do eixo tecnol\u00f3gico de Infraestrutura, visa preparar profissionais cidad\u00e3os com conhecimentos t\u00e9cnicos e \u00e9ticos, possuidores de compet\u00eancias e habilidades\u2026","rel":"","context":"Post similar","block_context":{"text":"Post similar","link":""},"img":{"alt_text":"","src":"https:\/\/i0.wp.com\/aulanaweb.com\/etefv\/wp-content\/uploads\/2017\/09\/imagens_233201691241.jpg?fit=450%2C338&ssl=1&resize=350%2C200","width":350,"height":200},"classes":[]},{"id":85,"url":"https:\/\/aulanaweb.com\/etefv\/?page_id=85","url_meta":{"origin":116,"position":3},"title":"Telecomunica\u00e7\u00f5es","author":"Equipe Diretiva ETEFV","date":"19\/09\/2017","format":false,"excerpt":"Docentes Coordenadores (EMI e Subsequente): Professores Ajax Rego, Ericson Ribeiret e Jorge Fernando da Silva - coordenacao.telecomunicacoes.emi@etefv.faetec.rj.gov.br Orientador de Est\u00e1gio: Prof. Sergio Luiz Fernandes O Curso T\u00e9cnico de N\u00edvel M\u00e9dio em Telecomunica\u00e7\u00f5es, do eixo tecnol\u00f3gico de Informa\u00e7\u00e3o e Comunica\u00e7\u00e3o, visa preparar profissionais cidad\u00e3os com conhecimentos t\u00e9cnicos e \u00e9ticos, possuidores de\u2026","rel":"","context":"Post similar","block_context":{"text":"Post similar","link":""},"img":{"alt_text":"","src":"","width":0,"height":0},"classes":[]},{"id":34,"url":"https:\/\/aulanaweb.com\/etefv\/?page_id=34","url_meta":{"origin":116,"position":4},"title":"A Escola","author":"Equipe Diretiva ETEFV","date":"18\/09\/2017","format":false,"excerpt":"A ETEFV, unidade de educa\u00e7\u00e3o T\u00e9cnica de n\u00edvel M\u00e9dio mantida pela FAETEC, tem como objetivo formar T\u00e9cnicos de n\u00edvel M\u00e9dio nas \u00e1reas de Edifica\u00e7\u00f5es, Eletr\u00f4nica, Eletrot\u00e9cnica, Mec\u00e2nica, Saneamento e Telecomunica\u00e7\u00f5es, aptos a desenvolver atividades t\u00e9cnicas no mercado de trabalho. Miss\u00e3o: Promover atividades integradas de ensino, visando o desenvolvimento humano-tecnol\u00f3gico, a\u2026","rel":"","context":"Post similar","block_context":{"text":"Post similar","link":""},"img":{"alt_text":"","src":"https:\/\/i0.wp.com\/aulanaweb.com\/etefv\/wp-content\/uploads\/2021\/12\/Imagem2-300x209.png?resize=350%2C200&ssl=1","width":350,"height":200},"classes":[]},{"id":126,"url":"https:\/\/aulanaweb.com\/etefv\/?page_id=126","url_meta":{"origin":116,"position":5},"title":"Orienta\u00e7\u00e3o Educacional","author":"Marta Maria Maciel da Silva","date":"19\/09\/2017","format":false,"excerpt":"Componentes da Equipe: Turmas 2023 EMI Supervisoras: SE Maria Rosa: 1111, 1211, 2211, 3111, 1101, 1201, 1202, 2101, 2201, 3101, 3201,1121, 1221 e 2121 SE Patr\u00edcia: 1151, 1151, 1251, 1252, 2151, 3151, 3251, 1141, 1142, 1241, 2241, 3141, 3241,3121 e 3221 Edifica\u00e7\u00f5es (7 turmas)1101 \u2013 C\u00e9lia1201 \u2013 C\u00e9lia1202 \u2013 C\u00e9lia2101\u2026","rel":"","context":"Post similar","block_context":{"text":"Post similar","link":""},"img":{"alt_text":"","src":"","width":0,"height":0},"classes":[]}],"_links":{"self":[{"href":"https:\/\/aulanaweb.com\/etefv\/index.php?rest_route=\/wp\/v2\/pages\/116","targetHints":{"allow":["GET"]}}],"collection":[{"href":"https:\/\/aulanaweb.com\/etefv\/index.php?rest_route=\/wp\/v2\/pages"}],"about":[{"href":"https:\/\/aulanaweb.com\/etefv\/index.php?rest_route=\/wp\/v2\/types\/page"}],"author":[{"embeddable":true,"href":"https:\/\/aulanaweb.com\/etefv\/index.php?rest_route=\/wp\/v2\/users\/1"}],"replies":[{"embeddable":true,"href":"https:\/\/aulanaweb.com\/etefv\/index.php?rest_route=%2Fwp%2Fv2%2Fcomments&post=116"}],"version-history":[{"count":0,"href":"https:\/\/aulanaweb.com\/etefv\/index.php?rest_route=\/wp\/v2\/pages\/116\/revisions"}],"up":[{"embeddable":true,"href":"https:\/\/aulanaweb.com\/etefv\/index.php?rest_route=\/wp\/v2\/pages\/44"}],"wp:attachment":[{"href":"https:\/\/aulanaweb.com\/etefv\/index.php?rest_route=%2Fwp%2Fv2%2Fmedia&parent=116"}],"curies":[{"name":"wp","href":"https:\/\/api.w.org\/{rel}","templated":true}]}}